Last updated on 2024-08-31 08:48:21 CEST.
Flavor | Version | Tinstall | Tcheck | Ttotal | Status | Flags |
---|---|---|---|---|---|---|
r-devel-linux-x86_64-debian-clang | 1.1.0 | 11.66 | 75.41 | 87.07 | OK | |
r-devel-linux-x86_64-debian-gcc | 1.1.0 | 7.04 | 52.12 | 59.16 | OK | |
r-devel-linux-x86_64-fedora-clang | 1.1.0 | 138.91 | NOTE | |||
r-devel-linux-x86_64-fedora-gcc | 1.1.0 | 134.82 | NOTE | |||
r-devel-windows-x86_64 | 1.1.0 | 14.00 | 86.00 | 100.00 | OK | |
r-patched-linux-x86_64 | 1.1.0 | 9.26 | 69.98 | 79.24 | OK | |
r-release-linux-x86_64 | 1.1.0 | 10.01 | 70.64 | 80.65 | OK | |
r-release-macos-arm64 | 1.1.0 | 40.00 | OK | |||
r-release-macos-x86_64 | 1.1.0 | 59.00 | OK | |||
r-release-windows-x86_64 | 1.1.0 | 13.00 | 98.00 | 111.00 | OK | |
r-oldrel-macos-arm64 | 1.1.0 | 42.00 | OK | |||
r-oldrel-macos-x86_64 | 1.1.0 | 65.00 | OK | |||
r-oldrel-windows-x86_64 | 1.1.0 | 15.00 | 103.00 | 118.00 | OK |
Version: 1.1.0
Check: dependencies in R code
Result: NOTE
Namespace in Imports field not imported from: ‘glmnet’
All declared Imports should be used.
Flavors: r-devel-linux-x86_64-fedora-clang, r-devel-linux-x86_64-fedora-gcc