Last updated on 2024-03-12 07:50:05 CET.
Flavor | Version | Tinstall | Tcheck | Ttotal | Status | Flags |
---|---|---|---|---|---|---|
r-devel-linux-x86_64-debian-clang | 1.0.8 | 16.25 | 84.86 | 101.11 | WARN | |
r-devel-linux-x86_64-debian-gcc | 1.0.8 | 12.78 | 66.03 | 78.81 | OK | |
r-devel-linux-x86_64-fedora-clang | 1.0.8 | 126.82 | OK | |||
r-devel-linux-x86_64-fedora-gcc | 1.0.8 | 132.40 | OK | |||
r-devel-windows-x86_64 | 1.0.8 | 17.00 | 97.00 | 114.00 | OK | |
r-patched-linux-x86_64 | 1.0.8 | 18.13 | 83.96 | 102.09 | OK | |
r-release-linux-x86_64 | 1.0.8 | 13.58 | 83.37 | 96.95 | OK | |
r-release-macos-arm64 | 1.0.8 | 46.00 | OK | |||
r-release-macos-x86_64 | 1.0.8 | 112.00 | OK | |||
r-release-windows-x86_64 | 1.0.8 | 21.00 | 105.00 | 126.00 | OK | |
r-oldrel-macos-arm64 | 1.0.8 | 43.00 | OK | |||
r-oldrel-windows-x86_64 | 1.0.8 | 20.00 | 98.00 | 118.00 | OK |
Version: 1.0.8
Check: whether package can be installed
Result: WARN
Found the following significant warnings:
flang-new: warning: argument unused during compilation: '-Wall' [-Wunused-command-line-argument]
See ‘/home/hornik/tmp/R.check/r-devel-clang/Work/PKGS/RobStatTM.Rcheck/00install.out’ for details.
* used C compiler: ‘Debian clang version 18.1.0 (rc4-1)’
* used Fortran compiler: ‘Debian flang-new version 18.1.0 (rc4-1)’
Flavor: r-devel-linux-x86_64-debian-clang