Last updated on 2024-03-12 07:50:05 CET.
Flavor | Version | Tinstall | Tcheck | Ttotal | Status | Flags |
---|---|---|---|---|---|---|
r-devel-linux-x86_64-debian-clang | 0.6.6 | 92.26 | 69.80 | 162.06 | OK | |
r-devel-linux-x86_64-debian-gcc | 0.6.6 | 80.13 | 54.50 | 134.63 | OK | |
r-devel-linux-x86_64-fedora-clang | 0.6.6 | 192.70 | OK | |||
r-devel-linux-x86_64-fedora-gcc | 0.6.6 | 228.37 | OK | |||
r-devel-windows-x86_64 | 0.6.6 | 61.00 | 109.00 | 170.00 | WARN | |
r-patched-linux-x86_64 | 0.6.6 | 75.20 | 70.92 | 146.12 | OK | |
r-release-linux-x86_64 | 0.6.6 | 71.16 | 70.49 | 141.65 | OK | |
r-release-macos-arm64 | 0.6.6 | 58.00 | NOTE | |||
r-release-macos-x86_64 | 0.6.6 | 137.00 | NOTE | |||
r-release-windows-x86_64 | 0.6.6 | 81.00 | 122.00 | 203.00 | WARN | |
r-oldrel-macos-arm64 | 0.6.6 | 54.00 | NOTE | |||
r-oldrel-windows-x86_64 | 0.6.6 | 81.00 | 115.00 | 196.00 | OK |
Version: 0.6.6
Check: whether package can be installed
Result: WARN
Found the following significant warnings:
d:\rtools43\x86_64-w64-mingw32.static.posix\lib\gcc\x86_64-w64-mingw32.static.posix\12.3.0\include\emmintrin.h:134:24: warning: array subscript '__m128d_u[0]' is partly outside array bounds of 'Eigen::internal::plain_matrix_type<Eigen::Product<Eigen::Block<Eigen::Matrix<double, -1, -1>, 1, -1, false>, Eigen::Transpose<Eigen::Block<Eigen::Matrix<double, -1, -1>, 1, -1, false> >, 0>, Eigen::Dense>::type [1]' {aka 'Eigen::Matrix<double, 1, 1, 0, 1, 1> [1]'} [-Warray-bounds]
See 'd:/Rcompile/CRANpkg/local/4.4/RobustGaSP.Rcheck/00install.out' for details.
* used C compiler: 'gcc.exe (GCC) 12.3.0'
* used C++ compiler: 'g++.exe (GCC) 12.3.0'
Flavor: r-devel-windows-x86_64
Version: 0.6.6
Check: installed package size
Result: NOTE
installed size is 26.6Mb
sub-directories of 1Mb or more:
libs 26.0Mb
Flavors: r-release-macos-arm64, r-release-macos-x86_64, r-oldrel-macos-arm64
Version: 0.6.6
Check: whether package can be installed
Result: WARN
Found the following significant warnings:
d:\rtools43\x86_64-w64-mingw32.static.posix\lib\gcc\x86_64-w64-mingw32.static.posix\12.3.0\include\emmintrin.h:134:24: warning: array subscript '__m128d_u[0]' is partly outside array bounds of 'Eigen::internal::plain_matrix_type<Eigen::Product<Eigen::Block<Eigen::Matrix<double, -1, -1>, 1, -1, false>, Eigen::Transpose<Eigen::Block<Eigen::Matrix<double, -1, -1>, 1, -1, false> >, 0>, Eigen::Dense>::type [1]' {aka 'Eigen::Matrix<double, 1, 1, 0, 1, 1> [1]'} [-Warray-bounds]
See 'd:/Rcompile/CRANpkg/local/4.3/RobustGaSP.Rcheck/00install.out' for details.
* used C compiler: 'gcc.exe (GCC) 12.3.0'
* used C++ compiler: 'g++.exe (GCC) 12.3.0'
Flavor: r-release-windows-x86_64