CRAN Package Check Results for Package Rook

Last updated on 2020-09-04 08:53:54 CEST.

Flavor Version Tinstall Tcheck Ttotal Status Flags
r-devel-linux-x86_64-debian-clang 1.1-1 5.18 30.86 36.04 OK
r-devel-linux-x86_64-debian-gcc 1.1-1 4.61 24.15 28.76 OK
r-devel-linux-x86_64-fedora-clang 1.1-1 58.82 NOTE
r-devel-linux-x86_64-fedora-gcc 1.1-1 43.92 NOTE
r-devel-windows-ix86+x86_64 1.1-1 12.00 56.00 68.00 OK
r-patched-linux-x86_64 1.1-1 5.58 30.91 36.49 OK
r-patched-solaris-x86 1.1-1 65.50 OK
r-release-linux-x86_64 1.1-1 5.75 30.43 36.18 OK
r-release-macos-x86_64 1.1-1 OK
r-release-windows-ix86+x86_64 1.1-1 12.00 43.00 55.00 OK
r-oldrel-macos-x86_64 1.1-1 OK
r-oldrel-windows-ix86+x86_64 1.1-1 11.00 65.00 76.00 OK

Check Details

Version: 1.1-1
Check: compiled code
Result: NOTE
    File ‘Rook/libs/Rook.so’:
     Found no call to: ‘R_useDynamicSymbols’
    
    It is good practice to register native routines and to disable symbol
    search.
    
    See ‘Writing portable packages’ in the ‘Writing R Extensions’ manual.
Flavors: r-devel-linux-x86_64-fedora-clang, r-devel-linux-x86_64-fedora-gcc