Last updated on 2024-05-05 08:53:04 CEST.
Flavor | Version | Tinstall | Tcheck | Ttotal | Status | Flags |
---|---|---|---|---|---|---|
r-devel-linux-x86_64-debian-clang | 1.7.6 | 24.88 | 50.18 | 75.06 | NOTE | |
r-devel-linux-x86_64-debian-gcc | 1.7.6 | 17.61 | 37.86 | 55.47 | NOTE | |
r-devel-linux-x86_64-fedora-clang | 1.7.6 | 107.37 | NOTE | |||
r-devel-linux-x86_64-fedora-gcc | 1.7.6 | 92.50 | NOTE | |||
r-devel-windows-x86_64 | 1.7.6 | 26.00 | 85.00 | 111.00 | NOTE | |
r-patched-linux-x86_64 | 1.7.6 | 21.73 | 46.06 | 67.79 | NOTE | |
r-release-linux-x86_64 | 1.7.6 | 22.66 | 47.58 | 70.24 | NOTE | |
r-release-macos-arm64 | 1.7.6 | 31.00 | NOTE | |||
r-release-windows-x86_64 | 1.7.6 | 26.00 | 87.00 | 113.00 | NOTE | |
r-oldrel-macos-arm64 | 1.7.6 | 32.00 | NOTE | |||
r-oldrel-macos-x86_64 | 1.7.6 | 56.00 | NOTE | |||
r-oldrel-windows-x86_64 | 1.7.6 | 25.00 | 120.00 | 145.00 | NOTE |
Version: 1.7.6
Check: C++ specification
Result: NOTE
Specified C++11: please drop specification unless essential
Flavors: r-devel-linux-x86_64-debian-clang, r-devel-linux-x86_64-debian-gcc, r-devel-linux-x86_64-fedora-clang, r-devel-linux-x86_64-fedora-gcc, r-devel-windows-x86_64, r-patched-linux-x86_64, r-release-linux-x86_64, r-release-macos-arm64, r-release-windows-x86_64, r-oldrel-macos-arm64, r-oldrel-macos-x86_64, r-oldrel-windows-x86_64