Last updated on 2024-03-12 07:50:06 CET.
Flavor | Version | Tinstall | Tcheck | Ttotal | Status | Flags |
---|---|---|---|---|---|---|
r-devel-linux-x86_64-debian-clang | 0.1-33 | 3.94 | 22.72 | 26.66 | OK | |
r-devel-linux-x86_64-debian-gcc | 0.1-33 | 2.79 | 18.44 | 21.23 | OK | |
r-devel-linux-x86_64-fedora-clang | 0.1-33 | 37.72 | NOTE | |||
r-devel-linux-x86_64-fedora-gcc | 0.1-33 | 35.27 | OK | |||
r-devel-windows-x86_64 | 0.1-33 | 17.00 | 96.00 | 113.00 | NOTE | |
r-patched-linux-x86_64 | 0.1-33 | 3.83 | 23.05 | 26.88 | OK | |
r-release-linux-x86_64 | 0.1-33 | 4.07 | 22.87 | 26.94 | OK | |
r-release-macos-arm64 | 0.1-33 | 21.00 | OK | |||
r-release-macos-x86_64 | 0.1-33 | 26.00 | OK | |||
r-release-windows-x86_64 | 0.1-33 | 19.00 | 104.00 | 123.00 | NOTE | |
r-oldrel-macos-arm64 | 0.1-33 | 20.00 | OK | |||
r-oldrel-windows-x86_64 | 0.1-33 | 11.00 | 82.00 | 93.00 | OK |
Version: 0.1-33
Check: Rd cross-references
Result: NOTE
Undeclared packages ‘lpSolve’, ‘Rglpk’ in Rd xrefs
Flavor: r-devel-linux-x86_64-fedora-clang
Version: 0.1-33
Check: installed package size
Result: NOTE
installed size is 5.8Mb
sub-directories of 1Mb or more:
libs 5.8Mb
Flavors: r-devel-windows-x86_64, r-release-windows-x86_64