Last updated on 2024-04-20 08:51:11 CEST.
Flavor | Version | Tinstall | Tcheck | Ttotal | Status | Flags |
---|---|---|---|---|---|---|
r-devel-linux-x86_64-debian-clang | 0.8-3 | 77.27 | 67.16 | 144.43 | NOTE | |
r-devel-linux-x86_64-debian-gcc | 0.8-3 | 69.12 | 49.15 | 118.27 | NOTE | |
r-devel-linux-x86_64-fedora-clang | 0.8-3 | 217.47 | NOTE | |||
r-devel-linux-x86_64-fedora-gcc | 0.8-3 | 215.15 | NOTE | |||
r-prerel-macos-arm64 | 0.8-3 | 48.00 | NOTE | |||
r-prerel-windows-x86_64 | 0.8-3 | 68.00 | 92.00 | 160.00 | NOTE | |
r-patched-linux-x86_64 | 0.8-3 | 82.35 | 64.06 | 146.41 | NOTE | |
r-release-linux-x86_64 | 0.8-3 | 86.57 | 64.52 | 151.09 | NOTE | |
r-release-macos-arm64 | 0.8-3 | 57.00 | NOTE | |||
r-release-macos-x86_64 | 0.8-3 | 92.00 | NOTE | |||
r-release-windows-x86_64 | 0.8-3 | 82.00 | 107.00 | 189.00 | NOTE | |
r-oldrel-macos-arm64 | 0.8-3 | 52.00 | NOTE | |||
r-oldrel-windows-x86_64 | 0.8-3 | 82.00 | 106.00 | 188.00 | OK |
Version: 0.8-3
Check: C++ specification
Result: NOTE
Specified C++11: please drop specification unless essential
Flavors: r-devel-linux-x86_64-debian-clang, r-devel-linux-x86_64-debian-gcc, r-devel-linux-x86_64-fedora-clang, r-devel-linux-x86_64-fedora-gcc, r-prerel-macos-arm64, r-prerel-windows-x86_64, r-patched-linux-x86_64, r-release-linux-x86_64, r-release-macos-arm64, r-release-macos-x86_64, r-release-windows-x86_64
Version: 0.8-3
Check: installed package size
Result: NOTE
installed size is 10.3Mb
sub-directories of 1Mb or more:
libs 9.3Mb
Flavors: r-prerel-macos-arm64, r-release-macos-arm64, r-release-macos-x86_64, r-oldrel-macos-arm64