CRAN Package Check Results for Package Rxnat

Last updated on 2021-05-14 09:51:07 CEST.

Flavor Version Tinstall Tcheck Ttotal Status Flags
r-devel-linux-x86_64-debian-clang 1.0.14 4.35 46.29 50.64 NOTE
r-devel-linux-x86_64-debian-gcc 1.0.14 3.57 35.68 39.25 NOTE
r-devel-linux-x86_64-fedora-clang 1.0.14 69.15 NOTE
r-devel-linux-x86_64-fedora-gcc 1.0.14 56.78 NOTE
r-devel-windows-ix86+x86_64 1.0.14 11.00 85.00 96.00 NOTE
r-devel-windows-x86_64-gcc10-UCRT 1.0.14 NOTE
r-patched-linux-x86_64 1.0.14 4.00 44.28 48.28 NOTE
r-patched-solaris-x86 1.0.14 82.70 NOTE
r-release-linux-x86_64 1.0.14 4.46 43.05 47.51 OK
r-release-macos-x86_64 1.0.14 NOTE
r-release-windows-ix86+x86_64 1.0.14 8.00 76.00 84.00 OK
r-oldrel-macos-x86_64 1.0.14 NOTE
r-oldrel-windows-ix86+x86_64 1.0.14 8.00 78.00 86.00 OK

Check Details

Version: 1.0.14
Check: LazyData
Result: NOTE
     'LazyData' is specified without a 'data' directory
Flavors: r-devel-linux-x86_64-debian-clang, r-devel-linux-x86_64-debian-gcc, r-devel-linux-x86_64-fedora-clang, r-devel-linux-x86_64-fedora-gcc, r-devel-windows-ix86+x86_64, r-devel-windows-x86_64-gcc10-UCRT, r-patched-linux-x86_64, r-patched-solaris-x86

Version: 1.0.14
Check: dependencies in R code
Result: NOTE
    Namespace in Imports field not imported from: ‘dplyr’
     All declared Imports should be used.
Flavors: r-devel-linux-x86_64-fedora-clang, r-devel-linux-x86_64-fedora-gcc, r-devel-windows-x86_64-gcc10-UCRT, r-patched-solaris-x86, r-release-macos-x86_64, r-oldrel-macos-x86_64