Last updated on 2024-08-31 08:48:22 CEST.
Flavor | Version | Tinstall | Tcheck | Ttotal | Status | Flags |
---|---|---|---|---|---|---|
r-devel-linux-x86_64-debian-clang | 1.0.0 | 7.65 | 58.38 | 66.03 | OK | |
r-devel-linux-x86_64-debian-gcc | 1.0.0 | 5.88 | 42.70 | 48.58 | OK | |
r-devel-linux-x86_64-fedora-clang | 1.0.0 | 104.64 | NOTE | |||
r-devel-linux-x86_64-fedora-gcc | 1.0.0 | 99.76 | NOTE | |||
r-devel-windows-x86_64 | 1.0.0 | 8.00 | 70.00 | 78.00 | OK | |
r-patched-linux-x86_64 | 1.0.0 | 7.16 | 54.55 | 61.71 | OK | |
r-release-linux-x86_64 | 1.0.0 | 7.04 | 54.51 | 61.55 | OK | |
r-release-macos-arm64 | 1.0.0 | 33.00 | OK | |||
r-release-macos-x86_64 | 1.0.0 | 44.00 | OK | |||
r-release-windows-x86_64 | 1.0.0 | 11.00 | 79.00 | 90.00 | OK | |
r-oldrel-macos-arm64 | 1.0.0 | 39.00 | OK | |||
r-oldrel-macos-x86_64 | 1.0.0 | 48.00 | OK | |||
r-oldrel-windows-x86_64 | 1.0.0 | 11.00 | 82.00 | 93.00 | OK |
Version: 1.0.0
Check: data for non-ASCII characters
Result: NOTE
Note: found 4 marked UTF-8 strings
Flavors: r-devel-linux-x86_64-fedora-clang, r-devel-linux-x86_64-fedora-gcc