Last updated on 2024-04-19 08:54:54 CEST.
Flavor | Version | Tinstall | Tcheck | Ttotal | Status | Flags |
---|---|---|---|---|---|---|
r-devel-linux-x86_64-debian-clang | 1.1.3 | 91.06 | 46.82 | 137.88 | NOTE | |
r-devel-linux-x86_64-debian-gcc | 1.1.3 | NOTE | ||||
r-devel-linux-x86_64-fedora-clang | 1.1.3 | 173.59 | NOTE | |||
r-devel-linux-x86_64-fedora-gcc | 1.1.3 | 199.78 | NOTE | |||
r-prerel-macos-arm64 | 1.1.3 | 46.00 | NOTE | |||
r-prerel-windows-x86_64 | 1.1.3 | 66.00 | 78.00 | 144.00 | NOTE | |
r-patched-linux-x86_64 | 1.1.3 | 79.23 | 49.09 | 128.32 | NOTE | |
r-release-linux-x86_64 | 1.1.3 | 91.73 | 50.63 | 142.36 | NOTE | |
r-release-macos-arm64 | 1.1.3 | 50.00 | NOTE | |||
r-release-macos-x86_64 | 1.1.3 | 83.00 | NOTE | |||
r-release-windows-x86_64 | 1.1.3 | 76.00 | 112.00 | 188.00 | NOTE | |
r-oldrel-macos-arm64 | 1.1.3 | 52.00 | NOTE | |||
r-oldrel-windows-x86_64 | 1.1.3 | 75.00 | 90.00 | 165.00 | OK |
Version: 1.1.3
Check: C++ specification
Result: NOTE
Specified C++11: please drop specification unless essential
Flavors: r-devel-linux-x86_64-debian-clang, r-devel-linux-x86_64-debian-gcc, r-devel-linux-x86_64-fedora-clang, r-devel-linux-x86_64-fedora-gcc, r-prerel-macos-arm64, r-prerel-windows-x86_64, r-patched-linux-x86_64, r-release-linux-x86_64, r-release-macos-arm64, r-release-macos-x86_64, r-release-windows-x86_64
Version: 1.1.3
Check: installed package size
Result: NOTE
installed size is 22.4Mb
sub-directories of 1Mb or more:
libs 22.2Mb
Flavors: r-prerel-macos-arm64, r-release-macos-arm64, r-release-macos-x86_64, r-oldrel-macos-arm64