Last updated on 2024-05-07 08:55:20 CEST.
Flavor | Version | Tinstall | Tcheck | Ttotal | Status | Flags |
---|---|---|---|---|---|---|
r-devel-linux-x86_64-debian-clang | 1.0.3 | 81.56 | 99.23 | 180.79 | NOTE | |
r-devel-linux-x86_64-debian-gcc | 1.0.3 | 60.82 | 73.93 | 134.75 | NOTE | |
r-devel-linux-x86_64-fedora-clang | 1.0.3 | 246.21 | NOTE | |||
r-devel-linux-x86_64-fedora-gcc | 1.0.3 | 308.51 | NOTE | |||
r-devel-windows-x86_64 | 1.0.3 | 67.00 | 108.00 | 175.00 | NOTE | |
r-patched-linux-x86_64 | 1.0.3 | 88.19 | 96.04 | 184.23 | NOTE | |
r-release-linux-x86_64 | 1.0.3 | 50.58 | 94.98 | 145.56 | NOTE | |
r-release-macos-arm64 | 1.0.3 | 57.00 | NOTE | |||
r-release-windows-x86_64 | 1.0.3 | 65.00 | 102.00 | 167.00 | NOTE | |
r-oldrel-macos-arm64 | 1.0.3 | 66.00 | NOTE | |||
r-oldrel-macos-x86_64 | 1.0.3 | 109.00 | NOTE | |||
r-oldrel-windows-x86_64 | 1.0.3 | 81.00 | 133.00 | 214.00 | NOTE |
Version: 1.0.3
Check: C++ specification
Result: NOTE
Specified C++11: please drop specification unless essential
Flavors: r-devel-linux-x86_64-debian-clang, r-devel-linux-x86_64-debian-gcc, r-devel-linux-x86_64-fedora-clang, r-devel-linux-x86_64-fedora-gcc, r-devel-windows-x86_64, r-patched-linux-x86_64, r-release-linux-x86_64, r-release-macos-arm64, r-release-windows-x86_64, r-oldrel-macos-arm64, r-oldrel-macos-x86_64, r-oldrel-windows-x86_64
Version: 1.0.3
Check: for GNU extensions in Makefiles
Result: NOTE
GNU make is a SystemRequirements.
Flavors: r-devel-linux-x86_64-debian-clang, r-devel-linux-x86_64-debian-gcc, r-devel-linux-x86_64-fedora-clang, r-devel-linux-x86_64-fedora-gcc, r-devel-windows-x86_64, r-patched-linux-x86_64, r-release-linux-x86_64, r-release-macos-arm64, r-release-windows-x86_64, r-oldrel-macos-arm64, r-oldrel-macos-x86_64, r-oldrel-windows-x86_64
Version: 1.0.3
Check: dependencies in R code
Result: NOTE
Namespaces in Imports field not imported from:
‘httr’ ‘jsonlite’
All declared Imports should be used.
Flavors: r-devel-linux-x86_64-fedora-clang, r-devel-linux-x86_64-fedora-gcc