Last updated on 2024-04-24 07:57:53 CEST.
Flavor | Version | Tinstall | Tcheck | Ttotal | Status | Flags |
---|---|---|---|---|---|---|
r-devel-linux-x86_64-debian-clang | 0.1.1 | 42.97 | 79.18 | 122.15 | NOTE | |
r-devel-linux-x86_64-debian-gcc | 0.1.1 | 31.08 | 61.15 | 92.23 | NOTE | |
r-devel-linux-x86_64-fedora-clang | 0.1.1 | 156.27 | NOTE | |||
r-devel-linux-x86_64-fedora-gcc | 0.1.1 | 150.59 | NOTE | |||
r-prerel-macos-arm64 | 0.1.1 | 41.00 | NOTE | |||
r-prerel-windows-x86_64 | 0.1.1 | 31.00 | 95.00 | 126.00 | NOTE | |
r-patched-linux-x86_64 | 0.1.1 | 35.01 | 79.39 | 114.40 | NOTE | |
r-release-linux-x86_64 | 0.1.1 | 36.11 | 77.20 | 113.31 | NOTE | |
r-release-macos-arm64 | 0.1.1 | 48.00 | NOTE | |||
r-release-macos-x86_64 | 0.1.1 | 73.00 | NOTE | |||
r-release-windows-x86_64 | 0.1.1 | 42.00 | 109.00 | 151.00 | NOTE | |
r-oldrel-macos-arm64 | 0.1.1 | 38.00 | OK | |||
r-oldrel-windows-x86_64 | 0.1.1 | 39.00 | 104.00 | 143.00 | OK |
Version: 0.1.1
Check: C++ specification
Result: NOTE
Specified C++11: please drop specification unless essential
Flavors: r-devel-linux-x86_64-debian-clang, r-devel-linux-x86_64-debian-gcc, r-devel-linux-x86_64-fedora-clang, r-devel-linux-x86_64-fedora-gcc, r-prerel-macos-arm64, r-prerel-windows-x86_64, r-patched-linux-x86_64, r-release-linux-x86_64, r-release-macos-arm64, r-release-macos-x86_64, r-release-windows-x86_64