CRAN Package Check Results for Package SCORNET

Last updated on 2021-05-14 09:51:07 CEST.

Flavor Version Tinstall Tcheck Ttotal Status Flags
r-devel-linux-x86_64-debian-clang 0.1.1 31.73 45.45 77.18 NOTE
r-devel-linux-x86_64-debian-gcc 0.1.1 18.57 34.74 53.31 NOTE
r-devel-linux-x86_64-fedora-clang 0.1.1 105.41 NOTE
r-devel-linux-x86_64-fedora-gcc 0.1.1 90.58 NOTE
r-devel-windows-ix86+x86_64 0.1.1 69.00 91.00 160.00 NOTE
r-devel-windows-x86_64-gcc10-UCRT 0.1.1 NOTE
r-patched-linux-x86_64 0.1.1 22.60 43.85 66.45 NOTE
r-patched-solaris-x86 0.1.1 116.60 NOTE
r-release-linux-x86_64 0.1.1 21.68 43.90 65.58 OK
r-release-macos-x86_64 0.1.1 NOTE
r-release-windows-ix86+x86_64 0.1.1 50.00 84.00 134.00 OK
r-oldrel-macos-x86_64 0.1.1 NOTE
r-oldrel-windows-ix86+x86_64 0.1.1 58.00 88.00 146.00 OK

Check Details

Version: 0.1.1
Check: LazyData
Result: NOTE
     'LazyData' is specified without a 'data' directory
Flavors: r-devel-linux-x86_64-debian-clang, r-devel-linux-x86_64-debian-gcc, r-devel-linux-x86_64-fedora-clang, r-devel-linux-x86_64-fedora-gcc, r-devel-windows-ix86+x86_64, r-devel-windows-x86_64-gcc10-UCRT, r-patched-linux-x86_64, r-patched-solaris-x86

Version: 0.1.1
Check: dependencies in R code
Result: NOTE
    Namespaces in Imports field not imported from:
     ‘Matrix’ ‘pracma’
     All declared Imports should be used.
Flavors: r-devel-linux-x86_64-fedora-clang, r-devel-linux-x86_64-fedora-gcc, r-devel-windows-x86_64-gcc10-UCRT, r-patched-solaris-x86, r-release-macos-x86_64, r-oldrel-macos-x86_64