Last updated on 2024-03-12 07:50:07 CET.
Flavor | Version | Tinstall | Tcheck | Ttotal | Status | Flags |
---|---|---|---|---|---|---|
r-devel-linux-x86_64-debian-clang | 0.1.1 | 33.84 | 48.05 | 81.89 | NOTE | |
r-devel-linux-x86_64-debian-gcc | 0.1.1 | 24.48 | 37.79 | 62.27 | NOTE | |
r-devel-linux-x86_64-fedora-clang | 0.1.1 | 112.75 | NOTE | |||
r-devel-linux-x86_64-fedora-gcc | 0.1.1 | 123.84 | NOTE | |||
r-devel-windows-x86_64 | 0.1.1 | 25.00 | 86.00 | 111.00 | NOTE | |
r-patched-linux-x86_64 | 0.1.1 | 33.64 | 47.63 | 81.27 | NOTE | |
r-release-linux-x86_64 | 0.1.1 | 30.69 | 47.05 | 77.74 | NOTE | |
r-release-macos-arm64 | 0.1.1 | 40.00 | NOTE | |||
r-release-macos-x86_64 | 0.1.1 | 85.00 | NOTE | |||
r-release-windows-x86_64 | 0.1.1 | 31.00 | 96.00 | 127.00 | NOTE | |
r-oldrel-macos-arm64 | 0.1.1 | 30.00 | NOTE | |||
r-oldrel-windows-x86_64 | 0.1.1 | 31.00 | 94.00 | 125.00 | NOTE |
Version: 0.1.1
Check: LazyData
Result: NOTE
'LazyData' is specified without a 'data' directory
Flavors: r-devel-linux-x86_64-debian-clang, r-devel-linux-x86_64-debian-gcc, r-devel-linux-x86_64-fedora-clang, r-devel-linux-x86_64-fedora-gcc, r-devel-windows-x86_64, r-patched-linux-x86_64, r-release-linux-x86_64, r-release-macos-arm64, r-release-macos-x86_64, r-release-windows-x86_64, r-oldrel-macos-arm64, r-oldrel-windows-x86_64
Version: 0.1.1
Check: dependencies in R code
Result: NOTE
Namespaces in Imports field not imported from:
‘Matrix’ ‘pracma’
All declared Imports should be used.
Flavors: r-devel-linux-x86_64-fedora-clang, r-devel-linux-x86_64-fedora-gcc, r-oldrel-macos-arm64