CRAN Package Check Results for Package SCPME

Last updated on 2021-05-12 08:49:05 CEST.

Flavor Version Tinstall Tcheck Ttotal Status Flags
r-devel-linux-x86_64-debian-clang 1.0 85.43 62.58 148.01 NOTE
r-devel-linux-x86_64-debian-gcc 1.0 56.86 46.15 103.01 NOTE
r-devel-linux-x86_64-fedora-clang 1.0 214.43 NOTE
r-devel-linux-x86_64-fedora-gcc 1.0 193.65 NOTE
r-devel-windows-ix86+x86_64 1.0 198.00 91.00 289.00 NOTE
r-devel-windows-x86_64-gcc10-UCRT 1.0 NOTE
r-patched-linux-x86_64 1.0 65.08 58.28 123.36 NOTE
r-patched-solaris-x86 1.0 203.80 NOTE
r-release-linux-x86_64 1.0 67.66 57.39 125.05 OK
r-release-macos-x86_64 1.0 OK
r-release-windows-ix86+x86_64 1.0 153.00 98.00 251.00 OK
r-oldrel-macos-x86_64 1.0 OK
r-oldrel-windows-ix86+x86_64 1.0 176.00 107.00 283.00 OK

Check Details

Version: 1.0
Check: LazyData
Result: NOTE
     'LazyData' is specified without a 'data' directory
Flavors: r-devel-linux-x86_64-debian-clang, r-devel-linux-x86_64-debian-gcc, r-devel-linux-x86_64-fedora-clang, r-devel-linux-x86_64-fedora-gcc, r-devel-windows-ix86+x86_64, r-devel-windows-x86_64-gcc10-UCRT, r-patched-linux-x86_64, r-patched-solaris-x86