Last updated on 2024-05-07 08:55:20 CEST.
Flavor | Version | Tinstall | Tcheck | Ttotal | Status | Flags |
---|---|---|---|---|---|---|
r-devel-linux-x86_64-debian-clang | 1.0.0 | 0.51 | 2.54 | 3.05 | ERROR | |
r-devel-linux-x86_64-debian-gcc | 1.0.0 | 45.94 | 444.39 | 490.33 | OK | |
r-devel-linux-x86_64-fedora-clang | 1.0.0 | 886.63 | NOTE | |||
r-devel-linux-x86_64-fedora-gcc | 1.0.0 | 995.26 | NOTE | |||
r-devel-windows-x86_64 | 1.0.0 | 50.00 | 402.00 | 452.00 | OK | |
r-patched-linux-x86_64 | 1.0.0 | 56.19 | 569.81 | 626.00 | OK | |
r-release-linux-x86_64 | 1.0.0 | 34.68 | 576.35 | 611.03 | OK | |
r-release-macos-arm64 | 1.0.0 | 230.00 | OK | |||
r-release-macos-x86_64 | 1.0.0 | 441.00 | OK | |||
r-release-windows-x86_64 | 1.0.0 | 52.00 | 404.00 | 456.00 | OK | |
r-oldrel-macos-arm64 | 1.0.0 | 205.00 | OK | |||
r-oldrel-macos-x86_64 | 1.0.0 | 368.00 | OK | |||
r-oldrel-windows-x86_64 | 1.0.0 | 67.00 | 564.00 | 631.00 | OK |
Version: 1.0.0
Check: package dependencies
Result: ERROR
Packages required but not available:
'splatter', 'SummarizedExperiment', 'SingleCellExperiment'
See section ‘The DESCRIPTION file’ in the ‘Writing R Extensions’
manual.
Flavor: r-devel-linux-x86_64-debian-clang
Version: 1.0.0
Check: dependencies in R code
Result: NOTE
Namespaces in Imports field not imported from:
‘BiocManager’ ‘crayon’ ‘knitr’ ‘methods’
All declared Imports should be used.
Flavors: r-devel-linux-x86_64-fedora-clang, r-devel-linux-x86_64-fedora-gcc