Last updated on 2024-08-31 08:48:22 CEST.
Flavor | Version | Tinstall | Tcheck | Ttotal | Status | Flags |
---|---|---|---|---|---|---|
r-devel-linux-x86_64-debian-clang | 1.0.0 | 51.52 | 468.31 | 519.83 | OK | |
r-devel-linux-x86_64-debian-gcc | 1.0.0 | 38.17 | 335.21 | 373.38 | OK | |
r-devel-linux-x86_64-fedora-clang | 1.0.0 | 860.40 | NOTE | |||
r-devel-linux-x86_64-fedora-gcc | 1.0.0 | 804.52 | NOTE | |||
r-devel-windows-x86_64 | 1.0.0 | 49.00 | 389.00 | 438.00 | OK | |
r-patched-linux-x86_64 | 1.0.0 | 46.09 | 437.53 | 483.62 | OK | |
r-release-linux-x86_64 | 1.0.0 | 49.18 | 439.77 | 488.95 | OK | |
r-release-macos-arm64 | 1.0.0 | 230.00 | OK | |||
r-release-macos-x86_64 | 1.0.0 | 327.00 | OK | |||
r-release-windows-x86_64 | 1.0.0 | 54.00 | 409.00 | 463.00 | OK | |
r-oldrel-macos-arm64 | 1.0.0 | 205.00 | OK | |||
r-oldrel-macos-x86_64 | 1.0.0 | 368.00 | OK | |||
r-oldrel-windows-x86_64 | 1.0.0 | 68.00 | 537.00 | 605.00 | OK |
Version: 1.0.0
Check: dependencies in R code
Result: NOTE
Namespaces in Imports field not imported from:
‘BiocManager’ ‘crayon’ ‘knitr’ ‘methods’
All declared Imports should be used.
Flavors: r-devel-linux-x86_64-fedora-clang, r-devel-linux-x86_64-fedora-gcc