Last updated on 2025-01-20 08:48:37 CET.
Flavor | Version | Tinstall | Tcheck | Ttotal | Status | Flags |
---|---|---|---|---|---|---|
r-devel-linux-x86_64-debian-clang | 2.0.2 | 14.86 | 244.05 | 258.91 | OK | |
r-devel-linux-x86_64-debian-gcc | 2.0.2 | 9.62 | 163.67 | 173.29 | OK | |
r-devel-linux-x86_64-fedora-clang | 2.0.2 | 462.46 | OK | |||
r-devel-linux-x86_64-fedora-gcc | 2.0.2 | 450.31 | OK | |||
r-devel-windows-x86_64 | 2.0.2 | 14.00 | 231.00 | 245.00 | OK | |
r-patched-linux-x86_64 | 2.0.2 | 15.73 | 228.35 | 244.08 | OK | |
r-release-linux-x86_64 | 2.0.2 | 13.58 | 231.17 | 244.75 | OK | |
r-release-macos-arm64 | 2.0.2 | 105.00 | NOTE | |||
r-release-macos-x86_64 | 2.0.2 | 176.00 | OK | |||
r-release-windows-x86_64 | 2.0.2 | 15.00 | 228.00 | 243.00 | OK | |
r-oldrel-macos-arm64 | 2.0.2 | 136.00 | NOTE | |||
r-oldrel-macos-x86_64 | 2.0.2 | 355.00 | NOTE | |||
r-oldrel-windows-x86_64 | 2.0.2 | 17.00 | 308.00 | 325.00 | OK |
Version: 2.0.2
Check: package dependencies
Result: NOTE
Packages suggested but not available for checking:
'AUCell', 'infercnv', 'Nebulosa'
Flavor: r-release-macos-arm64
Version: 2.0.2
Check: Rd cross-references
Result: NOTE
Package unavailable to check Rd xrefs: ‘infercnv’
Flavors: r-release-macos-arm64, r-oldrel-macos-arm64, r-oldrel-macos-x86_64
Version: 2.0.2
Check: package dependencies
Result: NOTE
Packages suggested but not available for checking:
'AUCell', 'decoupleR', 'infercnv', 'Nebulosa'
Flavors: r-oldrel-macos-arm64, r-oldrel-macos-x86_64