Last updated on 2024-04-20 08:51:12 CEST.
Flavor | Version | Tinstall | Tcheck | Ttotal | Status | Flags |
---|---|---|---|---|---|---|
r-devel-linux-x86_64-debian-clang | 0.7.22 | 10.34 | 87.06 | 97.40 | NOTE | |
r-devel-linux-x86_64-debian-gcc | 0.7.22 | 7.15 | 62.65 | 69.80 | NOTE | |
r-devel-linux-x86_64-fedora-clang | 0.7.22 | 120.56 | NOTE | |||
r-devel-linux-x86_64-fedora-gcc | 0.7.22 | 138.40 | NOTE | |||
r-prerel-macos-arm64 | 0.7.22 | 50.00 | NOTE | |||
r-prerel-windows-x86_64 | 0.7.22 | 11.00 | 90.00 | 101.00 | NOTE | |
r-patched-linux-x86_64 | 0.7.22 | 8.95 | 81.64 | 90.59 | NOTE | |
r-release-linux-x86_64 | 0.7.22 | 10.98 | 81.17 | 92.15 | NOTE | |
r-release-macos-arm64 | 0.7.22 | 48.00 | NOTE | |||
r-release-macos-x86_64 | 0.7.22 | 76.00 | NOTE | |||
r-release-windows-x86_64 | 0.7.22 | 13.00 | 99.00 | 112.00 | NOTE | |
r-oldrel-macos-arm64 | 0.7.22 | 42.00 | OK | |||
r-oldrel-windows-x86_64 | 0.7.22 | 14.00 | 100.00 | 114.00 | OK |
Version: 0.7.22
Check: package subdirectories
Result: NOTE
Problems with news in ‘NEWS.md’:
No news entries found.
Flavors: r-devel-linux-x86_64-debian-clang, r-devel-linux-x86_64-debian-gcc, r-devel-linux-x86_64-fedora-clang, r-devel-linux-x86_64-fedora-gcc, r-prerel-macos-arm64, r-prerel-windows-x86_64, r-patched-linux-x86_64, r-release-linux-x86_64, r-release-macos-arm64, r-release-macos-x86_64, r-release-windows-x86_64