CRAN Package Check Results for Package SDMPlay

Last updated on 2021-07-25 08:51:11 CEST.

Flavor Version Tinstall Tcheck Ttotal Status Flags
r-devel-linux-x86_64-debian-clang 1.3 4.12 98.80 102.92 OK
r-devel-linux-x86_64-debian-gcc 1.3 3.54 69.00 72.54 OK
r-devel-linux-x86_64-fedora-clang 1.3 125.57 NOTE
r-devel-linux-x86_64-fedora-gcc 1.3 127.41 NOTE
r-devel-windows-x86_64 1.3 6.00 90.00 96.00 OK
r-devel-windows-x86_64-gcc10-UCRT 1.3 NOTE
r-patched-linux-x86_64 1.3 4.66 89.44 94.10 OK
r-patched-solaris-x86 1.3 181.50 NOTE
r-release-linux-x86_64 1.3 4.43 90.02 94.45 OK
r-release-macos-arm64 1.3 NOTE
r-release-macos-x86_64 1.3 NOTE
r-release-windows-ix86+x86_64 1.3 9.00 97.00 106.00 OK
r-oldrel-macos-x86_64 1.3 NOTE
r-oldrel-windows-ix86+x86_64 1.3 8.00 136.00 144.00 OK

Check Details

Version: 1.3
Check: dependencies in R code
Result: NOTE
    Namespace in Imports field not imported from: ‘gbm’
     All declared Imports should be used.
Flavors: r-devel-linux-x86_64-fedora-clang, r-devel-linux-x86_64-fedora-gcc, r-devel-windows-x86_64-gcc10-UCRT, r-patched-solaris-x86, r-release-macos-arm64, r-release-macos-x86_64, r-oldrel-macos-x86_64

Version: 1.3
Check: Rd cross-references
Result: NOTE
    Undeclared package ‘rJava’ in Rd xrefs
Flavor: r-devel-linux-x86_64-fedora-clang

Version: 1.3
Check: installed package size
Result: NOTE
     installed size is 5.1Mb
     sub-directories of 1Mb or more:
     data 1.5Mb
     vignette_data 2.1Mb
Flavor: r-patched-solaris-x86

Version: 1.3
Check: package dependencies
Result: NOTE
    Package suggested but not available for checking: ‘rgdal’
Flavor: r-release-macos-arm64