CRAN Package Check Results for Package SDraw

Last updated on 2021-04-16 08:48:41 CEST.

Flavor Version Tinstall Tcheck Ttotal Status Flags
r-devel-linux-x86_64-debian-clang 2.1.13 16.65 276.13 292.78 OK
r-devel-linux-x86_64-debian-gcc 2.1.13 13.17 196.67 209.84 OK
r-devel-linux-x86_64-fedora-clang 2.1.13 344.37 NOTE
r-devel-linux-x86_64-fedora-gcc 2.1.13 371.63 NOTE
r-devel-windows-ix86+x86_64 2.1.13 36.00 349.00 385.00 OK
r-devel-windows-x86_64-gcc10-UCRT 2.1.13 NOTE
r-patched-linux-x86_64 2.1.13 16.20 254.93 271.13 OK
r-patched-solaris-x86 2.1.13 1292.30 NOTE
r-release-linux-x86_64 2.1.13 15.66 253.58 269.24 OK
r-release-macos-x86_64 2.1.13 NOTE
r-release-windows-ix86+x86_64 2.1.13 38.00 365.00 403.00 OK
r-oldrel-macos-x86_64 2.1.13 NOTE
r-oldrel-windows-ix86+x86_64 2.1.13 23.00 278.00 301.00 OK

Check Details

Version: 2.1.13
Check: dependencies in R code
Result: NOTE
    Namespace in Imports field not imported from: ‘covr’
     All declared Imports should be used.
Flavors: r-devel-linux-x86_64-fedora-clang, r-devel-linux-x86_64-fedora-gcc, r-devel-windows-x86_64-gcc10-UCRT, r-patched-solaris-x86, r-release-macos-x86_64, r-oldrel-macos-x86_64