Last updated on 2023-01-28 08:00:47 CET.
Flavor | Version | Tinstall | Tcheck | Ttotal | Status | Flags |
---|---|---|---|---|---|---|
r-devel-linux-x86_64-debian-clang | 0.1.8 | 159.41 | 111.20 | 270.61 | OK | |
r-devel-linux-x86_64-debian-gcc | 0.1.8 | 123.82 | 85.17 | 208.99 | NOTE | |
r-devel-linux-x86_64-fedora-clang | 0.1.8 | 406.03 | OK | |||
r-devel-linux-x86_64-fedora-gcc | 0.1.8 | 335.10 | NOTE | |||
r-devel-windows-x86_64 | 0.1.8 | 137.00 | 176.00 | 313.00 | OK | |
r-patched-linux-x86_64 | 0.1.8 | 132.73 | 103.25 | 235.98 | OK | |
r-release-linux-x86_64 | 0.1.8 | 133.80 | 104.61 | 238.41 | OK | |
r-release-macos-arm64 | 0.1.8 | 80.00 | ERROR | |||
r-release-macos-x86_64 | 0.1.8 | 110.00 | ERROR | |||
r-release-windows-x86_64 | 0.1.8 | 308.00 | 171.00 | 479.00 | OK | |
r-oldrel-macos-arm64 | 0.1.8 | 81.00 | ERROR | |||
r-oldrel-macos-x86_64 | 0.1.8 | 110.00 | ERROR | |||
r-oldrel-windows-ix86+x86_64 | 0.1.8 | 373.00 | 194.00 | 567.00 | ERROR |
Version: 0.1.8
Check: C++ specification
Result: NOTE
Specified C++11: please update to current default of C++17
Flavors: r-devel-linux-x86_64-debian-gcc, r-devel-linux-x86_64-fedora-gcc
Version: 0.1.8
Check: PDF version of manual
Result: WARN
LaTeX errors when creating PDF version.
This typically indicates Rd problems.
LaTeX errors found:
! Undefined control sequence.
<argument> X \in \mathbb
{R}{n\times p}
l.3264 ...data \eqn{X \in \mathbb{R}{n\times p}}{}
such that its rows are
! Undefined control sequence.
<argument> ...Delta _{p-1} =\lbrace z \in \mathbb
{R}^p~|~z_j > 0, \sum _{i=...
l.3267 }{}
test whether the data is uniformly distributed.
Flavors: r-release-macos-arm64, r-release-macos-x86_64
Version: 0.1.8
Check: PDF version of manual without index
Result: ERROR
Flavors: r-release-macos-arm64, r-release-macos-x86_64
Version: 0.1.8
Check: PDF version of manual
Result: WARN
LaTeX errors when creating PDF version.
This typically indicates Rd problems.
LaTeX errors found:
! Undefined control sequence.
<argument> X \in \mathbb
{R}{n\times p}
l.3262 ...data \eqn{X \in \mathbb{R}{n\times p}}{}
such that its rows are
! Undefined control sequence.
<argument> ...Delta _{p-1} =\lbrace z \in \mathbb
{R}^p~|~z_j > 0, \sum _{i=...
l.3265 }{}
test whether the data is uniformly distributed.
Flavors: r-oldrel-macos-arm64, r-oldrel-macos-x86_64, r-oldrel-windows-ix86+x86_64
Version: 0.1.8
Check: PDF version of manual without hyperrefs or index
Result: ERROR
Flavors: r-oldrel-macos-arm64, r-oldrel-macos-x86_64, r-oldrel-windows-ix86+x86_64