Last updated on 2024-08-31 08:48:23 CEST.
Flavor | Version | Tinstall | Tcheck | Ttotal | Status | Flags |
---|---|---|---|---|---|---|
r-devel-linux-x86_64-debian-clang | 0.2.4 | 40.71 | 63.95 | 104.66 | OK | |
r-devel-linux-x86_64-debian-gcc | 0.2.4 | 32.37 | 46.09 | 78.46 | OK | |
r-devel-linux-x86_64-fedora-clang | 0.2.4 | 169.81 | OK | |||
r-devel-linux-x86_64-fedora-gcc | 0.2.4 | 187.18 | OK | |||
r-devel-windows-x86_64 | 0.2.4 | 41.00 | 94.00 | 135.00 | OK | |
r-patched-linux-x86_64 | 0.2.4 | 43.14 | 61.74 | 104.88 | OK | |
r-release-linux-x86_64 | 0.2.4 | 40.12 | 62.20 | 102.32 | OK | |
r-release-macos-arm64 | 0.2.4 | 50.00 | NOTE | |||
r-release-macos-x86_64 | 0.2.4 | 68.00 | NOTE | |||
r-release-windows-x86_64 | 0.2.4 | 56.00 | 99.00 | 155.00 | OK | |
r-oldrel-macos-arm64 | 0.2.4 | 52.00 | NOTE | |||
r-oldrel-macos-x86_64 | 0.2.4 | 71.00 | NOTE | |||
r-oldrel-windows-x86_64 | 0.2.4 | 54.00 | 121.00 | 175.00 | OK |
Version: 0.2.4
Check: installed package size
Result: NOTE
installed size is 15.5Mb
sub-directories of 1Mb or more:
libs 15.3Mb
Flavors: r-release-macos-arm64, r-release-macos-x86_64, r-oldrel-macos-arm64, r-oldrel-macos-x86_64