CRAN Package Check Results for Package SMMT

Last updated on 2021-05-14 09:51:08 CEST.

Flavor Version Tinstall Tcheck Ttotal Status Flags
r-devel-linux-x86_64-debian-clang 1.0.7 5.46 57.67 63.13 NOTE
r-devel-linux-x86_64-debian-gcc 1.0.7 4.74 43.29 48.03 NOTE
r-devel-linux-x86_64-fedora-clang 1.0.7 84.49 NOTE
r-devel-linux-x86_64-fedora-gcc 1.0.7 72.44 NOTE
r-devel-windows-ix86+x86_64 1.0.7 16.00 74.00 90.00 NOTE
r-devel-windows-x86_64-gcc10-UCRT 1.0.7 NOTE
r-patched-linux-x86_64 1.0.7 5.21 52.56 57.77 NOTE
r-patched-solaris-x86 1.0.7 108.80 NOTE
r-release-linux-x86_64 1.0.7 5.11 52.91 58.02 OK
r-release-macos-x86_64 1.0.7 OK
r-release-windows-ix86+x86_64 1.0.7 11.00 66.00 77.00 OK
r-oldrel-macos-x86_64 1.0.7 OK
r-oldrel-windows-ix86+x86_64 1.0.7 11.00 70.00 81.00 OK

Check Details

Version: 1.0.7
Check: LazyData
Result: NOTE
     'LazyData' is specified without a 'data' directory
Flavors: r-devel-linux-x86_64-debian-clang, r-devel-linux-x86_64-debian-gcc, r-devel-linux-x86_64-fedora-clang, r-devel-linux-x86_64-fedora-gcc, r-devel-windows-ix86+x86_64, r-devel-windows-x86_64-gcc10-UCRT, r-patched-linux-x86_64, r-patched-solaris-x86