CRAN Package Check Results for Package SNPknock

Last updated on 2023-02-05 07:57:36 CET.

Flavor Version Tinstall Tcheck Ttotal Status Flags
r-devel-linux-x86_64-debian-clang 0.8.2 83.04 226.83 309.87 NOTE
r-devel-linux-x86_64-debian-gcc 0.8.2 63.21 153.33 216.54 NOTE
r-devel-linux-x86_64-fedora-clang 0.8.2 378.94 NOTE
r-devel-linux-x86_64-fedora-gcc 0.8.2 368.85 NOTE
r-devel-windows-x86_64 0.8.2 93.00 257.00 350.00 NOTE
r-patched-linux-x86_64 0.8.2 70.90 204.20 275.10 OK
r-release-linux-x86_64 0.8.2 69.89 205.37 275.26 OK
r-release-macos-arm64 0.8.2 99.00 NOTE
r-release-macos-x86_64 0.8.2 121.00 NOTE
r-release-windows-x86_64 0.8.2 81.00 274.00 355.00 OK
r-oldrel-macos-arm64 0.8.2 112.00 NOTE
r-oldrel-macos-x86_64 0.8.2 181.00 NOTE
r-oldrel-windows-ix86+x86_64 0.8.2 194.00 474.00 668.00 NOTE

Check Details

Version: 0.8.2
Check: C++ specification
Result: NOTE
     Specified C++11: please update to current default of C++17
Flavors: r-devel-linux-x86_64-debian-clang, r-devel-linux-x86_64-debian-gcc, r-devel-linux-x86_64-fedora-clang, r-devel-linux-x86_64-fedora-gcc, r-devel-windows-x86_64

Version: 0.8.2
Check: installed package size
Result: NOTE
     installed size is 6.3Mb
     sub-directories of 1Mb or more:
     extdata 3.1Mb
     libs 2.9Mb
Flavors: r-release-macos-arm64, r-release-macos-x86_64, r-oldrel-macos-arm64, r-oldrel-macos-x86_64, r-oldrel-windows-ix86+x86_64