Last updated on 2024-03-12 07:50:08 CET.
Flavor | Version | Tinstall | Tcheck | Ttotal | Status | Flags |
---|---|---|---|---|---|---|
r-devel-linux-x86_64-debian-clang | 0.2.0 | 8.35 | 66.95 | 75.30 | NOTE | |
r-devel-linux-x86_64-debian-gcc | 0.2.0 | 5.48 | 50.66 | 56.14 | NOTE | |
r-devel-linux-x86_64-fedora-clang | 0.2.0 | 90.85 | NOTE | |||
r-devel-linux-x86_64-fedora-gcc | 0.2.0 | 87.23 | NOTE | |||
r-devel-windows-x86_64 | 0.2.0 | 7.00 | 70.00 | 77.00 | NOTE | |
r-patched-linux-x86_64 | 0.2.0 | 5.07 | 63.50 | 68.57 | NOTE | |
r-release-linux-x86_64 | 0.2.0 | 4.85 | 63.92 | 68.77 | NOTE | |
r-release-macos-arm64 | 0.2.0 | 29.00 | NOTE | |||
r-release-macos-x86_64 | 0.2.0 | 47.00 | NOTE | |||
r-release-windows-x86_64 | 0.2.0 | 10.00 | 82.00 | 92.00 | NOTE | |
r-oldrel-macos-arm64 | 0.2.0 | 26.00 | NOTE | |||
r-oldrel-windows-x86_64 | 0.2.0 | 10.00 | 84.00 | 94.00 | NOTE |
Version: 0.2.0
Check: LazyData
Result: NOTE
'LazyData' is specified without a 'data' directory
Flavors: r-devel-linux-x86_64-debian-clang, r-devel-linux-x86_64-debian-gcc, r-devel-linux-x86_64-fedora-clang, r-devel-linux-x86_64-fedora-gcc, r-devel-windows-x86_64, r-patched-linux-x86_64, r-release-linux-x86_64, r-release-macos-arm64, r-release-macos-x86_64, r-release-windows-x86_64, r-oldrel-macos-arm64, r-oldrel-windows-x86_64