Last updated on 2024-03-12 07:50:08 CET.
Flavor | Version | Tinstall | Tcheck | Ttotal | Status | Flags |
---|---|---|---|---|---|---|
r-devel-linux-x86_64-debian-clang | 1.2.1 | 55.35 | 492.78 | 548.13 | OK | |
r-devel-linux-x86_64-debian-gcc | 1.2.1 | 44.65 | 368.76 | 413.41 | OK | |
r-devel-linux-x86_64-fedora-clang | 1.2.1 | 665.30 | NOTE | |||
r-devel-linux-x86_64-fedora-gcc | 1.2.1 | 655.66 | OK | |||
r-devel-windows-x86_64 | 1.2.1 | 48.00 | 308.00 | 356.00 | OK | |
r-patched-linux-x86_64 | 1.2.1 | 48.41 | 488.14 | 536.55 | OK | |
r-release-linux-x86_64 | 1.2.1 | 46.16 | 475.64 | 521.80 | OK | |
r-release-macos-arm64 | 1.2.1 | 114.00 | OK | |||
r-release-macos-x86_64 | 1.2.1 | 241.00 | OK | |||
r-release-windows-x86_64 | 1.2.1 | 63.00 | 420.00 | 483.00 | OK | |
r-oldrel-macos-arm64 | 1.2.1 | 133.00 | OK | |||
r-oldrel-windows-x86_64 | 1.2.1 | 66.00 | 408.00 | 474.00 | OK |
Version: 1.2.1
Check: package dependencies
Result: NOTE
Imports includes 35 non-default packages.
Importing from so many packages makes the package vulnerable to any of
them becoming unavailable. Move as many as possible to Suggests and
use conditionally.
Flavor: r-devel-linux-x86_64-fedora-clang