CRAN Package Check Results for Package SPEDInstabR

Last updated on 2021-07-25 08:51:12 CEST.

Flavor Version Tinstall Tcheck Ttotal Status Flags
r-devel-linux-x86_64-debian-clang 1.8 3.72 30.20 33.92 OK
r-devel-linux-x86_64-debian-gcc 1.8 2.40 23.65 26.05 OK
r-devel-linux-x86_64-fedora-clang 1.8 48.99 NOTE
r-devel-linux-x86_64-fedora-gcc 1.8 38.47 NOTE
r-devel-windows-x86_64 1.8 5.00 36.00 41.00 OK
r-devel-windows-x86_64-gcc10-UCRT 1.8 NOTE
r-patched-linux-x86_64 1.8 3.28 29.11 32.39 OK
r-patched-solaris-x86 1.8 59.70 NOTE
r-release-linux-x86_64 1.8 2.87 29.56 32.43 OK
r-release-macos-arm64 1.8 NOTE
r-release-macos-x86_64 1.8 NOTE
r-release-windows-ix86+x86_64 1.8 6.00 41.00 47.00 OK
r-oldrel-macos-x86_64 1.8 NOTE
r-oldrel-windows-ix86+x86_64 1.8 17.00 43.00 60.00 OK

Check Details

Version: 1.8
Check: data for non-ASCII characters
Result: NOTE
     Note: found 5 marked Latin-1 strings
Flavors: r-devel-linux-x86_64-fedora-clang, r-devel-linux-x86_64-fedora-gcc, r-devel-windows-x86_64-gcc10-UCRT, r-patched-solaris-x86, r-release-macos-arm64, r-release-macos-x86_64, r-oldrel-macos-x86_64