CRAN Package Check Results for Package SPUTNIK

Last updated on 2021-05-06 08:49:37 CEST.

Flavor Version Tinstall Tcheck Ttotal Status Flags
r-devel-linux-x86_64-debian-clang 1.3.2 14.54 124.26 138.80 OK
r-devel-linux-x86_64-debian-gcc 1.3.2 11.53 91.08 102.61 OK
r-devel-linux-x86_64-fedora-clang 1.3.2 178.88 NOTE
r-devel-linux-x86_64-fedora-gcc 1.3.2 165.87 NOTE
r-devel-windows-ix86+x86_64 1.3.2 35.00 147.00 182.00 OK
r-devel-windows-x86_64-gcc10-UCRT 1.3.2 NOTE
r-patched-linux-x86_64 1.3.2 20.40 115.80 136.20 OK
r-patched-solaris-x86 1.3.2 241.50 NOTE
r-release-linux-x86_64 1.3.2 11.44 111.84 123.28 OK
r-release-macos-x86_64 1.3.2 NOTE
r-release-windows-ix86+x86_64 1.3.2 26.00 119.00 145.00 OK
r-oldrel-macos-x86_64 1.3.2 NOTE
r-oldrel-windows-ix86+x86_64 1.3.2 28.00 142.00 170.00 OK

Check Details

Version: 1.3.2
Check: dependencies in R code
Result: NOTE
    Namespaces in Imports field not imported from:
     ‘spatstat’ ‘spatstat.data’ ‘spatstat.linnet’ ‘spatstat.sparse’
     ‘spatstat.utils’ ‘testthat’
     All declared Imports should be used.
Flavors: r-devel-linux-x86_64-fedora-clang, r-devel-linux-x86_64-fedora-gcc, r-devel-windows-x86_64-gcc10-UCRT, r-patched-solaris-x86, r-release-macos-x86_64, r-oldrel-macos-x86_64