Last updated on 2024-03-12 07:50:08 CET.
Flavor | Version | Tinstall | Tcheck | Ttotal | Status | Flags |
---|---|---|---|---|---|---|
r-devel-linux-x86_64-debian-clang | 0.99.6 | 28.09 | 291.20 | 319.29 | OK | |
r-devel-linux-x86_64-debian-gcc | 0.99.6 | 21.31 | 222.41 | 243.72 | OK | |
r-devel-linux-x86_64-fedora-clang | 0.99.6 | 390.34 | NOTE | |||
r-devel-linux-x86_64-fedora-gcc | 0.99.6 | 402.19 | OK | |||
r-devel-windows-x86_64 | 0.99.6 | 24.00 | 219.00 | 243.00 | OK | |
r-patched-linux-x86_64 | 0.99.6 | 24.34 | 289.77 | 314.11 | OK | |
r-release-linux-x86_64 | 0.99.6 | 23.79 | 294.71 | 318.50 | OK | |
r-release-macos-arm64 | 0.99.6 | 120.00 | OK | |||
r-release-macos-x86_64 | 0.99.6 | 212.00 | OK | |||
r-release-windows-x86_64 | 0.99.6 | 30.00 | 288.00 | 318.00 | OK | |
r-oldrel-macos-arm64 | 0.99.6 | 84.00 | OK | |||
r-oldrel-windows-x86_64 | 0.99.6 | 34.00 | 279.00 | 313.00 | OK |
Version: 0.99.6
Check: package dependencies
Result: NOTE
Imports includes 22 non-default packages.
Importing from so many packages makes the package vulnerable to any of
them becoming unavailable. Move as many as possible to Suggests and
use conditionally.
Flavor: r-devel-linux-x86_64-fedora-clang