CRAN Package Check Results for Package SSDM

Last updated on 2021-05-10 08:49:27 CEST.

Flavor Version Tinstall Tcheck Ttotal Status Flags
r-devel-linux-x86_64-debian-clang 0.2.8 32.98 370.87 403.85 OK
r-devel-linux-x86_64-debian-gcc 0.2.8 25.44 274.04 299.48 OK
r-devel-linux-x86_64-fedora-clang 0.2.8 468.61 NOTE
r-devel-linux-x86_64-fedora-gcc 0.2.8 457.05 NOTE
r-devel-windows-ix86+x86_64 0.2.8 68.00 445.00 513.00 OK
r-devel-windows-x86_64-gcc10-UCRT 0.2.8 NOTE
r-patched-linux-x86_64 0.2.8 31.75 348.55 380.30 OK
r-patched-solaris-x86 0.2.8 622.00 NOTE
r-release-linux-x86_64 0.2.8 30.17 341.80 371.97 OK
r-release-macos-x86_64 0.2.8 NOTE
r-release-windows-ix86+x86_64 0.2.8 49.00 350.00 399.00 OK
r-oldrel-macos-x86_64 0.2.8 NOTE
r-oldrel-windows-ix86+x86_64 0.2.8 57.00 440.00 497.00 OK

Check Details

Version: 0.2.8
Check: dependencies in R code
Result: NOTE
    Namespace in Imports field not imported from: ‘shinyFiles’
     All declared Imports should be used.
Flavors: r-devel-linux-x86_64-fedora-clang, r-devel-linux-x86_64-fedora-gcc, r-devel-windows-x86_64-gcc10-UCRT, r-patched-solaris-x86, r-release-macos-x86_64, r-oldrel-macos-x86_64