Last updated on 2023-02-08 07:54:45 CET.
Flavor | Version | Tinstall | Tcheck | Ttotal | Status | Flags |
---|---|---|---|---|---|---|
r-devel-linux-x86_64-debian-clang | 1.0.0 | 10.97 | 152.99 | 163.96 | NOTE | |
r-devel-linux-x86_64-debian-gcc | 1.0.0 | 7.88 | 110.63 | 118.51 | NOTE | |
r-devel-linux-x86_64-fedora-clang | 1.0.0 | 201.62 | NOTE | |||
r-devel-linux-x86_64-fedora-gcc | 1.0.0 | 206.93 | NOTE | |||
r-devel-windows-x86_64 | 1.0.0 | 15.00 | 205.00 | 220.00 | NOTE | |
r-patched-linux-x86_64 | 1.0.0 | 10.58 | 139.58 | 150.16 | OK | |
r-release-linux-x86_64 | 1.0.0 | 8.10 | 141.51 | 149.61 | OK | |
r-release-macos-arm64 | 1.0.0 | 74.00 | OK | |||
r-release-macos-x86_64 | 1.0.0 | 134.00 | OK | |||
r-release-windows-x86_64 | 1.0.0 | 34.00 | 210.00 | 244.00 | OK | |
r-oldrel-macos-arm64 | 1.0.0 | 78.00 | OK | |||
r-oldrel-macos-x86_64 | 1.0.0 | 89.00 | OK | |||
r-oldrel-windows-ix86+x86_64 | 1.0.0 | 22.00 | 196.00 | 218.00 | OK |
Version: 1.0.0
Check: package subdirectories
Result: NOTE
Problems with news in ‘NEWS.md’:
Cannot extract version info from the following section titles:
Additional functions and data sets
Amendments to functions
Flavors: r-devel-linux-x86_64-debian-clang, r-devel-linux-x86_64-debian-gcc, r-devel-linux-x86_64-fedora-clang, r-devel-linux-x86_64-fedora-gcc, r-devel-windows-x86_64