CRAN Package Check Results for Package SWMPrExtension

Last updated on 2021-04-22 08:48:35 CEST.

Flavor Version Tinstall Tcheck Ttotal Status Flags
r-devel-linux-x86_64-debian-clang 1.1.6 21.74 178.18 199.92 OK
r-devel-linux-x86_64-debian-gcc 1.1.6 18.61 135.06 153.67 OK
r-devel-linux-x86_64-fedora-clang 1.1.6 251.98 NOTE
r-devel-linux-x86_64-fedora-gcc 1.1.6 238.28 NOTE
r-devel-windows-ix86+x86_64 1.1.6 58.00 263.00 321.00 OK
r-devel-windows-x86_64-gcc10-UCRT 1.1.6 NOTE
r-patched-linux-x86_64 1.1.6 28.56 164.16 192.72 WARN
r-patched-solaris-x86 1.1.6 371.00 NOTE
r-release-linux-x86_64 1.1.6 20.59 162.81 183.40 OK
r-release-macos-x86_64 1.1.6 NOTE
r-release-windows-ix86+x86_64 1.1.6 58.00 245.00 303.00 OK
r-oldrel-macos-x86_64 1.1.6 NOTE
r-oldrel-windows-ix86+x86_64 1.1.6 57.00 251.00 308.00 OK

Check Details

Version: 1.1.6
Check: dependencies in R code
Result: NOTE
    Namespace in Imports field not imported from: ‘rgeos’
     All declared Imports should be used.
Flavors: r-devel-linux-x86_64-fedora-clang, r-devel-linux-x86_64-fedora-gcc, r-devel-windows-x86_64-gcc10-UCRT, r-patched-solaris-x86, r-release-macos-x86_64, r-oldrel-macos-x86_64

Version: 1.1.6
Check: whether package can be installed
Result: WARN
    Found the following significant warnings:
     Rd warning: /tmp/RtmpNysj4F/R.INSTALL219a217ab8a8/SWMPrExtension/man/load_shp_file.Rd:15: file link ‘sp’ in package ‘sp’ does not exist and so has been treated as a topic
     Rd warning: /tmp/RtmpNysj4F/R.INSTALL219a217ab8a8/SWMPrExtension/man/set_date_break_labs.Rd:16: file link ‘scale_x_datetime’ in package ‘ggplot2’ does not exist and so has been treated as a topic
     Rd warning: /tmp/RtmpNysj4F/R.INSTALL219a217ab8a8/SWMPrExtension/man/set_date_break_labs.Rd:22: file link ‘scale_x_datetime’ in package ‘ggplot2’ does not exist and so has been treated as a topic
     Rd warning: /tmp/RtmpNysj4F/R.INSTALL219a217ab8a8/SWMPrExtension/man/set_date_breaks.Rd:16: file link ‘scale_x_datetime’ in package ‘ggplot2’ does not exist and so has been treated as a topic
     Rd warning: /tmp/RtmpNysj4F/R.INSTALL219a217ab8a8/SWMPrExtension/man/set_date_breaks.Rd:22: file link ‘scale_x_datetime’ in package ‘ggplot2’ does not exist and so has been treated as a topic
     Rd warning: /tmp/RtmpNysj4F/R.INSTALL219a217ab8a8/SWMPrExtension/man/threshold_summary.Rd:42: file link ‘scale_fill_brewer’ in package ‘ggplot2’ does not exist and so has been treated as a topic
     Rd warning: /tmp/RtmpNysj4F/R.INSTALL219a217ab8a8/SWMPrExtension/man/threshold_summary.Rd:108: file link ‘scale_fill_brewer’ in package ‘ggplot2’ does not exist and so has been treated as a topic
     Rd warning: /tmp/RtmpNysj4F/R.INSTALL219a217ab8a8/SWMPrExtension/man/us_laea.Rd:8: file link ‘SpatialPolygonsDataFrame’ in package ‘sp’ does not exist and so has been treated as a topic
Flavor: r-patched-linux-x86_64