CRAN Package Check Results for Package SearchTrees

Last updated on 2021-05-09 08:50:32 CEST.

Flavor Version Tinstall Tcheck Ttotal Status Flags
r-devel-linux-x86_64-debian-clang 0.5.2 3.14 24.38 27.52 NOTE
r-devel-linux-x86_64-debian-gcc 0.5.2 2.18 19.42 21.60 NOTE
r-devel-linux-x86_64-fedora-clang 0.5.2 44.26 NOTE
r-devel-linux-x86_64-fedora-gcc 0.5.2 33.19 NOTE
r-devel-windows-ix86+x86_64 0.5.2 7.00 48.00 55.00 NOTE
r-devel-windows-x86_64-gcc10-UCRT 0.5.2 NOTE
r-patched-linux-x86_64 0.5.2 2.77 24.29 27.06 NOTE
r-patched-solaris-x86 0.5.2 55.20 NOTE
r-release-linux-x86_64 0.5.2 2.83 23.87 26.70 NOTE
r-release-macos-x86_64 0.5.2 NOTE
r-release-windows-ix86+x86_64 0.5.2 6.00 46.00 52.00 NOTE
r-oldrel-macos-x86_64 0.5.2 NOTE
r-oldrel-windows-ix86+x86_64 0.5.2 7.00 53.00 60.00 NOTE

Check Details

Version: 0.5.2
Check: dependencies in R code
Result: NOTE
    Package in Depends field not imported from: 'methods'
     These packages need to be imported from (in the NAMESPACE file)
     for when this namespace is loaded but not attached.
Flavors: r-devel-linux-x86_64-debian-clang, r-devel-linux-x86_64-debian-gcc, r-devel-linux-x86_64-fedora-clang, r-devel-linux-x86_64-fedora-gcc, r-devel-windows-ix86+x86_64, r-devel-windows-x86_64-gcc10-UCRT, r-patched-linux-x86_64, r-patched-solaris-x86, r-release-linux-x86_64, r-release-macos-x86_64, r-release-windows-ix86+x86_64, r-oldrel-macos-x86_64, r-oldrel-windows-ix86+x86_64

Version: 0.5.2
Check: Rd line widths
Result: NOTE
    Rd file 'createTree.Rd':
     \usage lines wider than 90 characters:
     createTree(data, treeType = "quad", dataType = "point", columns = if (dataType=="point") 1:2 else 1:4, ...)
    
    These lines will be truncated in the PDF manual.
Flavors: r-devel-linux-x86_64-debian-clang, r-devel-linux-x86_64-debian-gcc, r-devel-linux-x86_64-fedora-clang, r-devel-linux-x86_64-fedora-gcc, r-patched-linux-x86_64, r-release-linux-x86_64

Version: 0.5.2
Check: compiled code
Result: NOTE
    File ‘SearchTrees/libs/SearchTrees.so’:
     Found no calls to: ‘R_registerRoutines’, ‘R_useDynamicSymbols’
    
    It is good practice to register native routines and to disable symbol
    search.
    
    See ‘Writing portable packages’ in the ‘Writing R Extensions’ manual.
Flavors: r-devel-linux-x86_64-fedora-clang, r-devel-linux-x86_64-fedora-gcc