Last updated on 2021-04-19 09:50:58 CEST.
Flavor | Version | Tinstall | Tcheck | Ttotal | Status | Flags |
---|---|---|---|---|---|---|
r-devel-linux-x86_64-debian-clang | 1.4.1 | 11.89 | 94.78 | 106.67 | OK | |
r-devel-linux-x86_64-debian-gcc | 1.4.1 | 9.66 | 70.18 | 79.84 | OK | |
r-devel-linux-x86_64-fedora-clang | 1.4.1 | 135.46 | NOTE | |||
r-devel-linux-x86_64-fedora-gcc | 1.4.1 | 122.30 | NOTE | |||
r-devel-windows-ix86+x86_64 | 1.4.1 | 17.00 | 92.00 | 109.00 | OK | |
r-devel-windows-x86_64-gcc10-UCRT | 1.4.1 | NOTE | ||||
r-patched-linux-x86_64 | 1.4.1 | 9.20 | 87.32 | 96.52 | OK | |
r-patched-solaris-x86 | 1.4.1 | 173.20 | NOTE | |||
r-release-linux-x86_64 | 1.4.1 | 10.63 | 88.28 | 98.91 | OK | |
r-release-macos-x86_64 | 1.4.1 | NOTE | ||||
r-release-windows-ix86+x86_64 | 1.4.1 | 26.00 | 128.00 | 154.00 | OK | |
r-oldrel-macos-x86_64 | 1.4.1 | NOTE | ||||
r-oldrel-windows-ix86+x86_64 | 1.4.1 | 13.00 | 124.00 | 137.00 | OK |
Version: 1.4.1
Check: dependencies in R code
Result: NOTE
Namespaces in Imports field not imported from:
‘RColorBrewer’ ‘grid’ ‘purrr’
All declared Imports should be used.
Flavors: r-devel-linux-x86_64-fedora-clang, r-devel-linux-x86_64-fedora-gcc, r-devel-windows-x86_64-gcc10-UCRT, r-patched-solaris-x86, r-release-macos-x86_64, r-oldrel-macos-x86_64
Version: 1.4.1
Check: Rd cross-references
Result: NOTE
Undeclared packages ‘NetworkToolbox’, ‘SemNetCleaner’ in Rd xrefs
Flavor: r-devel-linux-x86_64-fedora-clang