CRAN Package Check Results for Package SemiCompRisks

Last updated on 2021-07-25 08:51:11 CEST.

Flavor Version Tinstall Tcheck Ttotal Status Flags
r-devel-linux-x86_64-debian-clang 3.4 62.06 138.69 200.75 OK
r-devel-linux-x86_64-debian-gcc 3.4 57.47 103.31 160.78 OK
r-devel-linux-x86_64-fedora-clang 3.4 254.10 OK
r-devel-linux-x86_64-fedora-gcc 3.4 268.08 OK
r-devel-windows-x86_64 3.4 80.00 127.00 207.00 OK
r-devel-windows-x86_64-gcc10-UCRT 3.4 OK
r-patched-linux-x86_64 3.4 67.70 134.28 201.98 OK
r-patched-solaris-x86 3.4 415.30 OK
r-release-linux-x86_64 3.4 64.46 132.70 197.16 OK
r-release-macos-arm64 3.4 NOTE
r-release-macos-x86_64 3.4 NOTE
r-release-windows-ix86+x86_64 3.4 175.00 167.00 342.00 OK
r-oldrel-macos-x86_64 3.4 NOTE
r-oldrel-windows-ix86+x86_64 3.4 180.00 142.00 322.00 OK

Check Details

Version: 3.4
Check: installed package size
Result: NOTE
     installed size is 6.9Mb
     sub-directories of 1Mb or more:
     libs 5.9Mb
Flavors: r-release-macos-arm64, r-release-macos-x86_64, r-oldrel-macos-x86_64