CRAN Package Check Results for Package SeqExpMatch

Last updated on 2024-06-20 08:54:58 CEST.

Flavor Version Tinstall Tcheck Ttotal Status Flags
r-devel-linux-x86_64-debian-clang 0.1.0 5.64 27.08 32.72 NOTE
r-devel-linux-x86_64-debian-gcc 0.1.0 3.49 21.39 24.88 NOTE
r-devel-linux-x86_64-fedora-clang 0.1.0 41.08 NOTE
r-devel-linux-x86_64-fedora-gcc 0.1.0 38.65 NOTE
r-devel-windows-x86_64 0.1.0 4.00 43.00 47.00 NOTE
r-patched-linux-x86_64 0.1.0 5.66 27.03 32.69 NOTE
r-release-linux-x86_64 0.1.0 4.60 27.45 32.05 NOTE
r-release-macos-arm64 0.1.0 18.00 NOTE
r-release-macos-x86_64 0.1.0 25.00 NOTE
r-release-windows-x86_64 0.1.0 5.00 45.00 50.00 NOTE
r-oldrel-macos-arm64 0.1.0 19.00 OK
r-oldrel-macos-x86_64 0.1.0 27.00 OK
r-oldrel-windows-x86_64 0.1.0 6.00 46.00 52.00 OK

Check Details

Version: 0.1.0
Check: Rd files
Result: NOTE checkRd: (-1) SeqDesignInference.Rd:319: Lost braces; missing escapes or markup? 319 | (a) difference in means estimator i.e. [ybar_T - ybar_C +/- t_{alpha/2, n_T + n_C - 2} s_{ybar_T - ybar_C}] or | ^ checkRd: (-1) SeqDesignInference.Rd:319: Lost braces; missing escapes or markup? 319 | (a) difference in means estimator i.e. [ybar_T - ybar_C +/- t_{alpha/2, n_T + n_C - 2} s_{ybar_T - ybar_C}] or | ^ checkRd: (-1) SeqDesignInference.Rd:320: Lost braces; missing escapes or markup? 320 | (b) the OLS estimator i.e. [beta_hat_T +/- t_{alpha/2, n + p - 2} s_{beta_hat_T}] | ^ checkRd: (-1) SeqDesignInference.Rd:320: Lost braces; missing escapes or markup? 320 | (b) the OLS estimator i.e. [beta_hat_T +/- t_{alpha/2, n + p - 2} s_{beta_hat_T}] | ^ Flavors: r-devel-linux-x86_64-debian-clang, r-devel-linux-x86_64-debian-gcc, r-devel-linux-x86_64-fedora-clang, r-devel-linux-x86_64-fedora-gcc, r-devel-windows-x86_64, r-patched-linux-x86_64, r-release-linux-x86_64, r-release-macos-arm64, r-release-macos-x86_64, r-release-windows-x86_64