Last updated on 2024-04-23 08:58:16 CEST.
Flavor | Version | Tinstall | Tcheck | Ttotal | Status | Flags |
---|---|---|---|---|---|---|
r-devel-linux-x86_64-debian-clang | 1.1.3 | 89.80 | 78.00 | 167.80 | OK | |
r-devel-linux-x86_64-debian-gcc | 1.1.3 | 68.64 | 57.46 | 126.10 | OK | |
r-devel-linux-x86_64-fedora-clang | 1.1.3 | 241.54 | NOTE | |||
r-devel-linux-x86_64-fedora-gcc | 1.1.3 | 220.70 | NOTE | |||
r-prerel-macos-arm64 | 1.1.3 | 65.00 | NOTE | |||
r-prerel-windows-x86_64 | 1.1.3 | 75.00 | 113.00 | 188.00 | NOTE | |
r-patched-linux-x86_64 | 1.1.3 | 93.40 | 74.82 | 168.22 | OK | |
r-release-linux-x86_64 | 1.1.3 | 84.82 | 75.92 | 160.74 | OK | |
r-release-macos-arm64 | 1.1.3 | 76.00 | NOTE | |||
r-release-macos-x86_64 | 1.1.3 | 106.00 | NOTE | |||
r-release-windows-x86_64 | 1.1.3 | 93.00 | 134.00 | 227.00 | NOTE | |
r-oldrel-macos-arm64 | 1.1.3 | 65.00 | NOTE | |||
r-oldrel-windows-x86_64 | 1.1.3 | 94.00 | 112.00 | 206.00 | NOTE |
Version: 1.1.3
Check: installed package size
Result: NOTE
installed size is 5.3Mb
sub-directories of 1Mb or more:
data 4.7Mb
Flavors: r-devel-linux-x86_64-fedora-clang, r-prerel-macos-arm64, r-prerel-windows-x86_64, r-release-macos-arm64, r-release-macos-x86_64, r-release-windows-x86_64, r-oldrel-macos-arm64, r-oldrel-windows-x86_64
Version: 1.1.3
Check: dependencies in R code
Result: NOTE
Namespace in Imports field not imported from: ‘Rdpack’
All declared Imports should be used.
Flavors: r-devel-linux-x86_64-fedora-clang, r-devel-linux-x86_64-fedora-gcc, r-oldrel-macos-arm64