CRAN Package Check Results for Package SharpeR

Last updated on 2021-09-20 08:50:44 CEST.

Flavor Version Tinstall Tcheck Ttotal Status Flags
r-devel-linux-x86_64-debian-clang 1.3.0 5.82 168.23 174.05 OK
r-devel-linux-x86_64-debian-gcc 1.3.0 4.92 124.84 129.76 OK
r-devel-linux-x86_64-fedora-clang 1.3.0 210.02 OK
r-devel-linux-x86_64-fedora-gcc 1.3.0 199.27 OK
r-devel-windows-x86_64 1.3.0 8.00 157.00 165.00 OK
r-devel-windows-x86_64-gcc10-UCRT 1.3.0 ERROR
r-patched-linux-x86_64 1.3.0 7.59 161.66 169.25 OK
r-patched-solaris-x86 1.3.0 259.60 OK
r-release-linux-x86_64 1.3.0 5.50 161.76 167.26 OK
r-release-macos-arm64 1.3.0 OK
r-release-macos-x86_64 1.3.0 OK
r-release-windows-ix86+x86_64 1.3.0 11.00 224.00 235.00 OK
r-oldrel-macos-x86_64 1.3.0 OK
r-oldrel-windows-ix86+x86_64 1.3.0 11.00 242.00 253.00 OK

Check Details

Version: 1.3.0
Check: whether package can be installed
Result: WARN
    Found the following significant warnings:
     WARNING: installation-time patches will not be applied, could not get the patches index
Flavor: r-devel-windows-x86_64-gcc10-UCRT

Version: 1.3.0
Check: PDF version of manual
Result: WARN
    LaTeX errors when creating PDF version.
    This typically indicates Rd problems.
Flavor: r-devel-windows-x86_64-gcc10-UCRT

Version: 1.3.0
Check: PDF version of manual without hyperrefs or index
Result: ERROR
    Re-running with no redirection of stdout/stderr.
Flavor: r-devel-windows-x86_64-gcc10-UCRT