Last updated on 2024-03-12 07:50:07 CET.
Flavor | Version | Tinstall | Tcheck | Ttotal | Status | Flags |
---|---|---|---|---|---|---|
r-devel-linux-x86_64-debian-clang | 1.12.0 | 101.82 | 413.49 | 515.31 | NOTE | |
r-devel-linux-x86_64-debian-gcc | 1.12.0 | 78.12 | 317.59 | 395.71 | NOTE | |
r-devel-linux-x86_64-fedora-clang | 1.12.0 | 667.11 | NOTE | |||
r-devel-linux-x86_64-fedora-gcc | 1.12.0 | 636.71 | NOTE | |||
r-devel-windows-x86_64 | 1.12.0 | 80.00 | 355.00 | 435.00 | OK | |
r-patched-linux-x86_64 | 1.12.0 | 74.00 | 420.04 | 494.04 | NOTE | |
r-release-linux-x86_64 | 1.12.0 | 64.07 | 405.06 | 469.13 | NOTE | |
r-release-macos-arm64 | 1.12.0 | 165.00 | NOTE | |||
r-release-macos-x86_64 | 1.12.0 | 338.00 | NOTE | |||
r-release-windows-x86_64 | 1.12.0 | 107.00 | 455.00 | 562.00 | OK | |
r-oldrel-macos-arm64 | 1.12.0 | 178.00 | NOTE | |||
r-oldrel-windows-x86_64 | 1.12.0 | 100.00 | 410.00 | 510.00 | OK |
Version: 1.12.0
Check: package dependencies
Result: NOTE
Package suggested but not available for checking: ‘qlcMatrix’
Flavors: r-devel-linux-x86_64-debian-clang, r-devel-linux-x86_64-debian-gcc, r-devel-linux-x86_64-fedora-gcc, r-patched-linux-x86_64, r-release-linux-x86_64
Version: 1.12.0
Check: package dependencies
Result: NOTE
Package suggested but not available for checking: ‘qlcMatrix’
Imports includes 26 non-default packages.
Importing from so many packages makes the package vulnerable to any of
them becoming unavailable. Move as many as possible to Suggests and
use conditionally.
Flavor: r-devel-linux-x86_64-fedora-clang
Version: 1.12.0
Check: package dependencies
Result: NOTE
Packages suggested but not available for checking:
'chromVAR', 'TFBSTools', 'motifmatchr'
Flavors: r-release-macos-arm64, r-release-macos-x86_64, r-oldrel-macos-arm64
Version: 1.12.0
Check: installed package size
Result: NOTE
installed size is 5.0Mb
sub-directories of 1Mb or more:
R 2.0Mb
libs 1.9Mb
Flavors: r-release-macos-arm64, r-release-macos-x86_64
Version: 1.12.0
Check: Rd cross-references
Result: NOTE
Packages unavailable to check Rd xrefs: ‘motifmatchr’, ‘TFBSTools’, ‘chromVAR’
Flavors: r-release-macos-arm64, r-release-macos-x86_64, r-oldrel-macos-arm64