Last updated on 2024-03-12 07:50:07 CET.
Flavor | Version | Tinstall | Tcheck | Ttotal | Status | Flags |
---|---|---|---|---|---|---|
r-devel-linux-x86_64-debian-clang | 2.2.5 | 10.40 | 92.54 | 102.94 | OK | |
r-devel-linux-x86_64-debian-gcc | 2.2.5 | 7.59 | 75.40 | 82.99 | OK | |
r-devel-linux-x86_64-fedora-clang | 2.2.5 | 131.81 | OK | |||
r-devel-linux-x86_64-fedora-gcc | 2.2.5 | 145.91 | OK | |||
r-devel-windows-x86_64 | 2.2.5 | 10.00 | 95.00 | 105.00 | OK | |
r-patched-linux-x86_64 | 2.2.5 | 7.30 | 97.17 | 104.47 | OK | |
r-release-linux-x86_64 | 2.2.5 | 6.35 | 95.61 | 101.96 | OK | |
r-release-macos-arm64 | 2.2.5 | 58.00 | NOTE | |||
r-release-macos-x86_64 | 2.2.5 | 86.00 | NOTE | |||
r-release-windows-x86_64 | 2.2.5 | 12.00 | 109.00 | 121.00 | OK | |
r-oldrel-macos-arm64 | 2.2.5 | 41.00 | NOTE | |||
r-oldrel-windows-x86_64 | 2.2.5 | 12.00 | 111.00 | 123.00 | OK |
Version: 2.2.5
Check: package dependencies
Result: NOTE
Package suggested but not available for checking: ‘rhdf5’
Flavors: r-release-macos-arm64, r-release-macos-x86_64, r-oldrel-macos-arm64