Last updated on 2024-04-20 08:51:13 CEST.
Flavor | Version | Tinstall | Tcheck | Ttotal | Status | Flags |
---|---|---|---|---|---|---|
r-devel-linux-x86_64-debian-clang | 2.15 | 16.31 | 159.76 | 176.07 | OK | |
r-devel-linux-x86_64-debian-gcc | 2.15 | 10.75 | 117.12 | 127.87 | OK | |
r-devel-linux-x86_64-fedora-clang | 2.15 | 216.31 | NOTE | |||
r-devel-linux-x86_64-fedora-gcc | 2.15 | 225.46 | OK | |||
r-prerel-macos-arm64 | 2.15 | 76.00 | NOTE | |||
r-prerel-macos-x86_64 | 2.15 | 209.00 | NOTE | |||
r-prerel-windows-x86_64 | 2.15 | 17.00 | 146.00 | 163.00 | NOTE | |
r-patched-linux-x86_64 | 2.15 | 23.53 | 151.28 | 174.81 | OK | |
r-release-linux-x86_64 | 2.15 | 14.68 | 148.89 | 163.57 | OK | |
r-release-macos-arm64 | 2.15 | 74.00 | NOTE | |||
r-release-macos-x86_64 | 2.15 | 149.00 | NOTE | |||
r-release-windows-x86_64 | 2.15 | 19.00 | 184.00 | 203.00 | NOTE | |
r-oldrel-macos-arm64 | 2.15 | 71.00 | NOTE | |||
r-oldrel-windows-x86_64 | 2.15 | 20.00 | 171.00 | 191.00 | NOTE |
Version: 2.15
Check: installed package size
Result: NOTE
installed size is 7.3Mb
sub-directories of 1Mb or more:
doc 6.5Mb
Flavors: r-devel-linux-x86_64-fedora-clang, r-prerel-macos-arm64, r-prerel-macos-x86_64, r-prerel-windows-x86_64, r-release-macos-arm64, r-release-macos-x86_64, r-release-windows-x86_64, r-oldrel-macos-arm64, r-oldrel-windows-x86_64
Version: 2.15
Check: package dependencies
Result: NOTE
Package suggested but not available for checking: ‘doMPI’
Flavors: r-prerel-macos-arm64, r-prerel-macos-x86_64, r-release-macos-arm64, r-release-macos-x86_64, r-oldrel-macos-arm64