Last updated on 2024-04-24 07:57:54 CEST.
Flavor | Version | Tinstall | Tcheck | Ttotal | Status | Flags |
---|---|---|---|---|---|---|
r-devel-linux-x86_64-debian-clang | 0.2.2 | 32.50 | 461.05 | 493.55 | OK | |
r-devel-linux-x86_64-debian-gcc | 0.2.2 | 24.22 | 337.45 | 361.67 | OK | |
r-devel-linux-x86_64-fedora-clang | 0.2.2 | 600.77 | NOTE | |||
r-devel-linux-x86_64-fedora-gcc | 0.2.2 | 614.69 | OK | |||
r-prerel-macos-arm64 | 0.2.2 | 166.00 | OK | |||
r-prerel-windows-x86_64 | 0.2.2 | 26.00 | 323.00 | 349.00 | OK | |
r-patched-linux-x86_64 | 0.2.2 | 35.97 | 438.98 | 474.95 | OK | |
r-release-linux-x86_64 | 0.2.2 | 34.21 | 446.16 | 480.37 | OK | |
r-release-macos-arm64 | 0.2.2 | 190.00 | OK | |||
r-release-macos-x86_64 | 0.2.2 | 288.00 | OK | |||
r-release-windows-x86_64 | 0.2.2 | 38.00 | 422.00 | 460.00 | OK | |
r-oldrel-macos-arm64 | 0.2.2 | 143.00 | OK | |||
r-oldrel-windows-x86_64 | 0.2.2 | 39.00 | 402.00 | 441.00 | OK |
Version: 0.2.2
Check: Rd cross-references
Result: NOTE
Undeclared packages ‘BinNonNor’, ‘PoisNor’, ‘PoisBinOrdNor’, ‘PoisBinOrdNonNor’ in Rd xrefs
Flavor: r-devel-linux-x86_64-fedora-clang