CRAN Package Check Results for Package SixSigma

Last updated on 2024-05-23 08:56:12 CEST.

Flavor Version Tinstall Tcheck Ttotal Status Flags
r-devel-linux-x86_64-debian-clang 0.11.1 10.54 99.07 109.61 NOTE
r-devel-linux-x86_64-debian-gcc 0.11.1 7.13 73.09 80.22 NOTE
r-devel-linux-x86_64-fedora-clang 0.11.1 132.94 NOTE
r-devel-linux-x86_64-fedora-gcc 0.11.1 136.83 NOTE
r-devel-windows-x86_64 0.11.1 9.00 114.00 123.00 NOTE
r-patched-linux-x86_64 0.11.1 6.28 95.40 101.68 NOTE
r-release-linux-x86_64 0.11.1 7.07 94.82 101.89 NOTE
r-release-macos-arm64 0.11.1 47.00 NOTE
r-release-windows-x86_64 0.11.1 11.00 112.00 123.00 NOTE
r-oldrel-macos-arm64 0.11.1 51.00 OK
r-oldrel-macos-x86_64 0.11.1 90.00 OK
r-oldrel-windows-x86_64 0.11.1 12.00 127.00 139.00 OK

Check Details

Version: 0.11.1
Check: Rd files
Result: NOTE checkRd: (-1) ss.cc.Rd:44: Lost braces in \itemize; meant \describe ? checkRd: (-1) ss.ci.Rd:26: Lost braces 26 | \item{alpha}{The eqn{\\alpha} error used to compute the \eqn{100*(1-\\alpha)\%} confidence interval} | ^ checkRd: (-1) ss.rr.Rd:84: Lost braces; missing escapes or markup? 84 | $MS_{factor}/MS_{interaction}$, e.g. in appendix A of AIAG MSA manual, | ^ checkRd: (-1) ss.rr.Rd:84: Lost braces; missing escapes or markup? 84 | $MS_{factor}/MS_{interaction}$, e.g. in appendix A of AIAG MSA manual, | ^ checkRd: (-1) ss.rr.Rd:87: Lost braces; missing escapes or markup? 87 | F test is performed as $MS_{factor}/MS_{equipment}$, i.e., repeatability. | ^ checkRd: (-1) ss.rr.Rd:87: Lost braces; missing escapes or markup? 87 | F test is performed as $MS_{factor}/MS_{equipment}$, i.e., repeatability. | ^ Flavors: r-devel-linux-x86_64-debian-clang, r-devel-linux-x86_64-debian-gcc, r-devel-linux-x86_64-fedora-clang, r-devel-linux-x86_64-fedora-gcc, r-devel-windows-x86_64, r-patched-linux-x86_64, r-release-linux-x86_64, r-release-macos-arm64, r-release-windows-x86_64