Last updated on 2025-01-26 08:48:38 CET.
Flavor | Version | Tinstall | Tcheck | Ttotal | Status | Flags |
---|---|---|---|---|---|---|
r-devel-linux-x86_64-debian-clang | 6.1.0 | 16.74 | 90.48 | 107.22 | NOTE | |
r-devel-linux-x86_64-debian-gcc | 6.1.0 | 12.60 | 62.23 | 74.83 | NOTE | |
r-devel-linux-x86_64-fedora-clang | 6.1.0 | 172.36 | OK | |||
r-devel-linux-x86_64-fedora-gcc | 6.1.0 | 169.68 | OK | |||
r-devel-windows-x86_64 | 6.1.0 | 20.00 | 114.00 | 134.00 | NOTE | |
r-patched-linux-x86_64 | 6.1.0 | 22.27 | 82.50 | 104.77 | OK | |
r-release-linux-x86_64 | 6.1.0 | 15.79 | 83.05 | 98.84 | OK | |
r-release-macos-arm64 | 6.1.0 | 55.00 | OK | |||
r-release-macos-x86_64 | 6.1.0 | 84.00 | OK | |||
r-release-windows-x86_64 | 6.1.0 | 19.00 | 114.00 | 133.00 | OK | |
r-oldrel-macos-arm64 | 6.1.0 | 62.00 | NOTE | |||
r-oldrel-macos-x86_64 | 6.1.0 | 131.00 | NOTE | |||
r-oldrel-windows-x86_64 | 6.1.0 | 21.00 | 135.00 | 156.00 | OK |
Version: 6.1.0
Check: Rd cross-references
Result: NOTE
Found the following Rd file(s) with Rd \link{} targets missing package
anchors:
loadAdatsAsList.Rd: bind_rows
pivotExpressionSet.Rd: pivot_longer
soma_adat.Rd: tibble
Please provide package anchors for all Rd \link{} targets not in the
package itself and the base packages.
Flavors: r-devel-linux-x86_64-debian-clang, r-devel-linux-x86_64-debian-gcc, r-devel-windows-x86_64
Version: 6.1.0
Check: installed package size
Result: NOTE
installed size is 5.9Mb
sub-directories of 1Mb or more:
data 3.8Mb
extdata 1.1Mb
Flavors: r-oldrel-macos-arm64, r-oldrel-macos-x86_64