Last updated on 2024-04-18 08:54:49 CEST.
Flavor | Version | Tinstall | Tcheck | Ttotal | Status | Flags |
---|---|---|---|---|---|---|
r-devel-linux-x86_64-debian-clang | 1.7.0 | 13.16 | 160.42 | 173.58 | NOTE | |
r-devel-linux-x86_64-debian-gcc | 1.7.0 | 12.09 | 118.90 | 130.99 | NOTE | |
r-devel-linux-x86_64-fedora-clang | 1.7.0 | 222.85 | NOTE | |||
r-devel-linux-x86_64-fedora-gcc | 1.7.0 | 233.08 | NOTE | |||
r-prerel-macos-arm64 | 1.7.0 | 67.00 | NOTE | |||
r-prerel-windows-x86_64 | 1.7.0 | 14.00 | 134.00 | 148.00 | NOTE | |
r-patched-linux-x86_64 | 1.7.0 | 10.10 | 149.93 | 160.03 | NOTE | |
r-release-linux-x86_64 | 1.7.0 | 10.16 | 152.17 | 162.33 | OK | |
r-release-macos-arm64 | 1.7.0 | 78.00 | OK | |||
r-release-macos-x86_64 | 1.7.0 | 113.00 | OK | |||
r-release-windows-x86_64 | 1.7.0 | 19.00 | 165.00 | 184.00 | OK | |
r-oldrel-macos-arm64 | 1.7.0 | 70.00 | OK | |||
r-oldrel-windows-x86_64 | 1.7.0 | 18.00 | 172.00 | 190.00 | OK |
Version: 1.7.0
Check: Rd files
Result: NOTE
checkRd: (-1) spe.Rd:101: Lost braces
101 | code{spe} command; (4) \code{alpha} stores significance level as in
| ^
Flavors: r-devel-linux-x86_64-debian-clang, r-devel-linux-x86_64-debian-gcc, r-devel-linux-x86_64-fedora-clang, r-devel-linux-x86_64-fedora-gcc, r-prerel-macos-arm64, r-prerel-windows-x86_64, r-patched-linux-x86_64