Last updated on 2024-03-12 07:50:08 CET.
Flavor | Version | Tinstall | Tcheck | Ttotal | Status | Flags |
---|---|---|---|---|---|---|
r-devel-linux-x86_64-debian-clang | 1.2 | 3.08 | 22.63 | 25.71 | NOTE | |
r-devel-linux-x86_64-debian-gcc | 1.2 | 2.46 | 18.60 | 21.06 | NOTE | |
r-devel-linux-x86_64-fedora-clang | 1.2 | 35.86 | NOTE | |||
r-devel-linux-x86_64-fedora-gcc | 1.2 | 33.01 | NOTE | |||
r-devel-windows-x86_64 | 1.2 | 5.00 | 42.00 | 47.00 | NOTE | |
r-patched-linux-x86_64 | 1.2 | 3.14 | 22.97 | 26.11 | NOTE | |
r-release-linux-x86_64 | 1.2 | 2.87 | 22.96 | 25.83 | NOTE | |
r-release-macos-arm64 | 1.2 | 17.00 | NOTE | |||
r-release-macos-x86_64 | 1.2 | 21.00 | NOTE | |||
r-release-windows-x86_64 | 1.2 | 5.00 | 41.00 | 46.00 | NOTE | |
r-oldrel-macos-arm64 | 1.2 | 20.00 | NOTE | |||
r-oldrel-windows-x86_64 | 1.2 | 6.00 | 47.00 | 53.00 | NOTE |
Version: 1.2
Check: package dependencies
Result: NOTE
Package suggested but not available for checking: ‘SciencesPo’
Flavors: r-devel-linux-x86_64-debian-clang, r-devel-linux-x86_64-debian-gcc, r-devel-linux-x86_64-fedora-clang, r-devel-linux-x86_64-fedora-gcc, r-devel-windows-x86_64, r-patched-linux-x86_64, r-release-linux-x86_64, r-release-macos-arm64, r-release-macos-x86_64, r-release-windows-x86_64, r-oldrel-macos-arm64, r-oldrel-windows-x86_64
Version: 1.2
Check: LazyData
Result: NOTE
'LazyData' is specified without a 'data' directory
Flavors: r-devel-linux-x86_64-debian-clang, r-devel-linux-x86_64-debian-gcc, r-devel-linux-x86_64-fedora-clang, r-devel-linux-x86_64-fedora-gcc, r-devel-windows-x86_64, r-patched-linux-x86_64, r-release-linux-x86_64, r-release-macos-arm64, r-release-macos-x86_64, r-release-windows-x86_64, r-oldrel-macos-arm64, r-oldrel-windows-x86_64
Version: 1.2
Check: compiled code
Result: NOTE
File ‘SoundexBR/libs/SoundexBR.so’:
Found no calls to: ‘R_registerRoutines’, ‘R_useDynamicSymbols’
It is good practice to register native routines and to disable symbol
search.
See ‘Writing portable packages’ in the ‘Writing R Extensions’ manual.
Flavors: r-devel-linux-x86_64-fedora-clang, r-devel-linux-x86_64-fedora-gcc