CRAN Package Check Results for Package SpaDES.addins

Last updated on 2021-05-06 08:49:36 CEST.

Flavor Version Tinstall Tcheck Ttotal Status Flags
r-devel-linux-x86_64-debian-clang 0.1.2 15.63 144.11 159.74 NOTE
r-devel-linux-x86_64-debian-gcc 0.1.2 13.17 110.76 123.93 NOTE
r-devel-linux-x86_64-fedora-clang 0.1.2 200.53 NOTE
r-devel-linux-x86_64-fedora-gcc 0.1.2 186.14 NOTE
r-devel-windows-ix86+x86_64 0.1.2 51.00 156.00 207.00 NOTE
r-devel-windows-x86_64-gcc10-UCRT 0.1.2 NOTE
r-patched-linux-x86_64 0.1.2 15.45 138.09 153.54 NOTE
r-patched-solaris-x86 0.1.2 291.90 NOTE
r-release-linux-x86_64 0.1.2 17.20 133.38 150.58 OK
r-release-macos-x86_64 0.1.2 NOTE
r-release-windows-ix86+x86_64 0.1.2 32.00 123.00 155.00 OK
r-oldrel-macos-x86_64 0.1.2 NOTE
r-oldrel-windows-ix86+x86_64 0.1.2 32.00 148.00 180.00 OK

Check Details

Version: 0.1.2
Check: LazyData
Result: NOTE
     'LazyData' is specified without a 'data' directory
Flavors: r-devel-linux-x86_64-debian-clang, r-devel-linux-x86_64-debian-gcc, r-devel-linux-x86_64-fedora-clang, r-devel-linux-x86_64-fedora-gcc, r-devel-windows-ix86+x86_64, r-devel-windows-x86_64-gcc10-UCRT, r-patched-linux-x86_64

Version: 0.1.2
Check: dependencies in R code
Result: NOTE
    Namespaces in Imports field not imported from:
     ‘devtools’ ‘rstudioapi’
     All declared Imports should be used.
Flavors: r-devel-linux-x86_64-fedora-clang, r-devel-linux-x86_64-fedora-gcc, r-devel-windows-x86_64-gcc10-UCRT, r-patched-solaris-x86, r-release-macos-x86_64, r-oldrel-macos-x86_64