Last updated on 2024-04-26 08:55:15 CEST.
Flavor | Version | Tinstall | Tcheck | Ttotal | Status | Flags |
---|---|---|---|---|---|---|
r-devel-linux-x86_64-debian-clang | 2.0.4 | 61.06 | 579.69 | 640.75 | NOTE | |
r-devel-linux-x86_64-debian-gcc | 2.0.4 | 50.83 | 422.11 | 472.94 | NOTE | |
r-devel-linux-x86_64-fedora-clang | 2.0.4 | 788.06 | NOTE | |||
r-devel-linux-x86_64-fedora-gcc | 2.0.5 | 762.20 | NOTE | |||
r-devel-windows-x86_64 | 2.0.5 | 48.00 | 382.00 | 430.00 | NOTE | |
r-patched-linux-x86_64 | 2.0.4 | 75.73 | 557.57 | 633.30 | NOTE | |
r-release-linux-x86_64 | 2.0.4 | 67.24 | 553.00 | 620.24 | NOTE | |
r-release-macos-arm64 | 2.0.5 | 215.00 | NOTE | |||
r-release-macos-x86_64 | 2.0.5 | 642.00 | NOTE | |||
r-release-windows-x86_64 | 2.0.4 | 53.00 | 380.00 | 433.00 | NOTE | |
r-oldrel-macos-arm64 | 2.0.5 | 210.00 | NOTE | |||
r-oldrel-macos-x86_64 | 2.0.5 | 443.00 | NOTE | |||
r-oldrel-windows-x86_64 | 2.0.5 | 49.00 | 464.00 | 513.00 | NOTE |
Version: 2.0.4
Check: package dependencies
Result: NOTE
Package suggested but not available for checking: ‘NLMR’
Flavors: r-devel-linux-x86_64-debian-clang, r-devel-linux-x86_64-debian-gcc, r-devel-linux-x86_64-fedora-clang, r-patched-linux-x86_64, r-release-linux-x86_64, r-release-windows-x86_64
Version: 2.0.4
Check: installed package size
Result: NOTE
installed size is 6.7Mb
sub-directories of 1Mb or more:
R 4.9Mb
Flavors: r-devel-linux-x86_64-fedora-clang, r-release-windows-x86_64
Version: 2.0.5
Check: package dependencies
Result: NOTE
Package suggested but not available for checking: ‘NLMR’
Flavors: r-devel-linux-x86_64-fedora-gcc, r-devel-windows-x86_64, r-release-macos-arm64, r-release-macos-x86_64, r-oldrel-macos-arm64, r-oldrel-macos-x86_64, r-oldrel-windows-x86_64
Version: 2.0.5
Check: installed package size
Result: NOTE
installed size is 6.6Mb
sub-directories of 1Mb or more:
R 4.9Mb
Flavors: r-devel-windows-x86_64, r-release-macos-arm64, r-release-macos-x86_64, r-oldrel-macos-arm64, r-oldrel-macos-x86_64, r-oldrel-windows-x86_64