CRAN Package Check Results for Package SpatialDDLS

Last updated on 2024-04-17 08:57:46 CEST.

Flavor Version Tinstall Tcheck Ttotal Status Flags
r-devel-linux-x86_64-debian-clang 1.0.1 43.72 542.05 585.77 OK
r-devel-linux-x86_64-debian-gcc 1.0.1 36.65 396.69 433.34 OK
r-devel-linux-x86_64-fedora-clang 1.0.1 795.56 OK
r-devel-linux-x86_64-fedora-gcc 1.0.1 783.00 OK
r-prerel-macos-arm64 1.0.1 199.00 OK
r-prerel-macos-x86_64 1.0.1 216.00 OK
r-prerel-windows-x86_64 1.0.1 49.00 633.00 682.00 OK
r-patched-linux-x86_64 1.0.1 55.07 517.54 572.61 OK
r-release-linux-x86_64 1.0.1 44.50 532.79 577.29 OK
r-release-macos-arm64 1.0.1 10.00 ERROR
r-release-macos-x86_64 1.0.1 6.00 ERROR
r-release-windows-x86_64 1.0.1 61.00 579.00 640.00 OK
r-oldrel-macos-arm64 1.0.1 11.00 ERROR
r-oldrel-windows-x86_64 1.0.1 56.00 498.00 554.00 OK

Check Details

Version: 1.0.1
Check: package dependencies
Result: ERROR Package required but not available: ‘SpatialExperiment’ Packages suggested but not available for checking: 'rhdf5', 'HDF5Array' See section ‘The DESCRIPTION file’ in the ‘Writing R Extensions’ manual. Flavors: r-release-macos-arm64, r-release-macos-x86_64

Version: 1.0.1
Check: package dependencies
Result: ERROR Packages required but not available: 'SpatialExperiment', 'zinbwave', 'scran' Package suggested but not available for checking: ‘bluster’ See section ‘The DESCRIPTION file’ in the ‘Writing R Extensions’ manual. Flavor: r-oldrel-macos-arm64