Last updated on 2024-04-18 08:54:49 CEST.
Flavor | Version | Tinstall | Tcheck | Ttotal | Status | Flags |
---|---|---|---|---|---|---|
r-devel-linux-x86_64-debian-clang | 1.0-4 | 7.61 | 65.41 | 73.02 | NOTE | |
r-devel-linux-x86_64-debian-gcc | 1.0-4 | 6.64 | 48.78 | 55.42 | NOTE | |
r-devel-linux-x86_64-fedora-clang | 1.0-4 | 88.93 | NOTE | |||
r-devel-linux-x86_64-fedora-gcc | 1.0-4 | 91.50 | NOTE | |||
r-prerel-macos-arm64 | 1.0-4 | 28.00 | NOTE | |||
r-prerel-windows-x86_64 | 1.0-4 | 8.00 | 63.00 | 71.00 | NOTE | |
r-patched-linux-x86_64 | 1.0-4 | 8.40 | 60.38 | 68.78 | NOTE | |
r-release-linux-x86_64 | 1.0-4 | 6.44 | 61.54 | 67.98 | OK | |
r-release-macos-arm64 | 1.0-4 | 34.00 | OK | |||
r-release-macos-x86_64 | 1.0-4 | 75.00 | OK | |||
r-release-windows-x86_64 | 1.0-4 | 10.00 | 74.00 | 84.00 | OK | |
r-oldrel-macos-arm64 | 1.0-4 | 37.00 | OK | |||
r-oldrel-windows-x86_64 | 1.0-4 | 10.00 | 84.00 | 94.00 | OK |
Version: 1.0-4
Check: Rd files
Result: NOTE
checkRd: (-1) distSG.Rd:40: Lost braces; missing escapes or markup?
40 | matrix and weight matrix (plus a matrix with {eID} identifiers
| ^
Flavors: r-devel-linux-x86_64-debian-clang, r-devel-linux-x86_64-debian-gcc, r-devel-linux-x86_64-fedora-clang, r-devel-linux-x86_64-fedora-gcc, r-prerel-macos-arm64, r-prerel-windows-x86_64, r-patched-linux-x86_64