Last updated on 2024-04-20 08:51:14 CEST.
Flavor | Version | Tinstall | Tcheck | Ttotal | Status | Flags |
---|---|---|---|---|---|---|
r-devel-linux-x86_64-debian-clang | 1.0.2 | 40.17 | 43.94 | 84.11 | OK | |
r-devel-linux-x86_64-debian-gcc | 1.0.2 | 33.74 | 30.75 | 64.49 | OK | |
r-devel-linux-x86_64-fedora-clang | 1.0.2 | 120.80 | OK | |||
r-devel-linux-x86_64-fedora-gcc | 1.0.2 | 126.90 | OK | |||
r-prerel-macos-arm64 | 1.0.2 | 37.00 | OK | |||
r-prerel-windows-x86_64 | 1.0.2 | 41.00 | 72.00 | 113.00 | NOTE | |
r-patched-linux-x86_64 | 1.0.2 | 42.99 | 42.65 | 85.64 | OK | |
r-release-linux-x86_64 | 1.0.2 | 46.15 | 42.62 | 88.77 | OK | |
r-release-macos-arm64 | 1.0.2 | 39.00 | OK | |||
r-release-macos-x86_64 | 1.0.2 | 62.00 | OK | |||
r-release-windows-x86_64 | 1.0.2 | 48.00 | 79.00 | 127.00 | NOTE | |
r-oldrel-macos-arm64 | 1.0.2 | 41.00 | OK | |||
r-oldrel-windows-x86_64 | 1.0.2 | 40.00 | 79.00 | 119.00 | OK |
Version: 1.0.2
Check: C++ specification
Result: NOTE
Specified C++11: please drop specification unless essential
Flavors: r-prerel-windows-x86_64, r-release-windows-x86_64